{"id":9755,"date":"2017-09-25T11:08:54","date_gmt":"2017-09-25T11:08:54","guid":{"rendered":"https:\/\/www.mairie-chailly-en-biere.fr\/?page_id=9755"},"modified":"2026-04-16T08:17:27","modified_gmt":"2026-04-16T08:17:27","slug":"mediatheque-2","status":"publish","type":"page","link":"https:\/\/www.mairie-chailly-en-biere.fr\/?page_id=9755","title":{"rendered":"M\u00e9diath\u00e8que"},"content":{"rendered":"<p><img loading=\"lazy\" decoding=\"async\" class=\"alignleft size-large wp-image-9648\" src=\"https:\/\/www.mairie-chailly-en-biere.fr\/wp-content\/uploads\/mediatheque-700x134.jpg\" alt=\"\" width=\"700\" height=\"134\" srcset=\"https:\/\/www.mairie-chailly-en-biere.fr\/wp-content\/uploads\/mediatheque-700x134.jpg 700w, https:\/\/www.mairie-chailly-en-biere.fr\/wp-content\/uploads\/mediatheque-300x57.jpg 300w, https:\/\/www.mairie-chailly-en-biere.fr\/wp-content\/uploads\/mediatheque.jpg 800w\" sizes=\"auto, (max-width: 700px) 100vw, 700px\" \/><\/p>\n<p>&nbsp;<\/p>\n<p>&nbsp;<\/p>\n<p>&nbsp;<\/p>\n<p style=\"text-align: justify;\"><img loading=\"lazy\" decoding=\"async\" class=\"alignleft wp-image-12798 size-medium\" src=\"https:\/\/www.mairie-chailly-en-biere.fr\/wp-content\/uploads\/CHAILLY-MEDIATHEQUE-300x234.jpg\" alt=\"\" width=\"300\" height=\"234\" srcset=\"https:\/\/www.mairie-chailly-en-biere.fr\/wp-content\/uploads\/CHAILLY-MEDIATHEQUE-300x234.jpg 300w, https:\/\/www.mairie-chailly-en-biere.fr\/wp-content\/uploads\/CHAILLY-MEDIATHEQUE-700x545.jpg 700w, https:\/\/www.mairie-chailly-en-biere.fr\/wp-content\/uploads\/CHAILLY-MEDIATHEQUE.jpg 800w\" sizes=\"auto, (max-width: 300px) 100vw, 300px\" \/><\/p>\n<p>&nbsp;<\/p>\n<p style=\"text-align: justify;\"><a href=\"http:\/\/mabib.fr\/chailly-en-biere\/\" target=\"_blank\" rel=\"noopener\">La m\u00e9diath\u00e8que est ouverte :<\/a><\/p>\n<ul>\n<li><span style=\"font-size: 12.0pt; color: black;\">de 15 h \u00e0 18 h le mercredi, <\/span><\/li>\n<li><span style=\"font-size: 12.0pt; color: black;\">de 09 h 30 \u00e0 12 h 30 le samedi.<\/span><span style=\"font-size: 12.0pt; color: black;\">\u00a0<\/span>\n<p style=\"text-align: left;\">Venez d\u00e9couvrir les nouveaut\u00e9s pr\u00eat\u00e9es par la m\u00e9diath\u00e8que de Seine-et-Marne dont :<\/p>\n<\/li>\n<li style=\"text-align: justify;\">BD, Mangas,<\/li>\n<li style=\"text-align: justify;\">Contes et albums,<\/li>\n<li style=\"text-align: justify;\">Romans : fictions, policiers, fantastiques,<\/li>\n<li style=\"text-align: justify;\">Documentaires,<\/li>\n<li style=\"text-align: justify;\">Livres \u00e9trangers : anglais, italiens, espagnols et portugais<\/li>\n<li style=\"text-align: justify;\">Livres gros caract\u00e8res<\/li>\n<li style=\"text-align: justify;\">CD et DVD<\/li>\n<\/ul>\n<p><img loading=\"lazy\" decoding=\"async\" class=\"aligncenter wp-image-10291 size-medium\" src=\"https:\/\/www.mairie-chailly-en-biere.fr\/wp-content\/uploads\/MEDIATHEQUE-300x200.jpg\" alt=\"\" width=\"300\" height=\"200\" srcset=\"https:\/\/www.mairie-chailly-en-biere.fr\/wp-content\/uploads\/MEDIATHEQUE-300x200.jpg 300w, https:\/\/www.mairie-chailly-en-biere.fr\/wp-content\/uploads\/MEDIATHEQUE-700x466.jpg 700w, https:\/\/www.mairie-chailly-en-biere.fr\/wp-content\/uploads\/MEDIATHEQUE.jpg 800w\" sizes=\"auto, (max-width: 300px) 100vw, 300px\" \/><\/p>\n<p style=\"text-align: center;\"><a href=\"https:\/\/www.mairie-chailly-en-biere.fr\/wp-content\/uploads\/20161117_REGLEMENT-MEDIATHEQUE.pdf\">Re\u0300glement de la Me\u0301diath\u00e8que<\/a><\/p>\n<p style=\"text-align: center;\"><a href=\"https:\/\/www.mairie-chailly-en-biere.fr\/wp-content\/uploads\/Charte-documentaire-MEDIATHEQUE.pdf\">Charte documentaire <\/a><\/p>\n<p style=\"text-align: center;\"><a href=\"https:\/\/www.mairie-chailly-en-biere.fr\/wp-content\/uploads\/bulletion-inscription-GF.pdf\">bulletin d&rsquo;inscription<\/a><\/p>\n<p style=\"text-align: center;\"><a href=\"http:\/\/mabib.fr\/chailly-en-biere\/\">https:\/\/mabib.fr\/chailly-en-biere\/index\/index\/id_profil\/1<\/a><\/p>\n<p style=\"text-align: center;\"><a href=\"https:\/\/www.facebook.com\/mediathequechaillyenbiere\/?locale=fr_FR\" target=\"_blank\" rel=\"noopener\">https:\/\/www.facebook.com\/mediathequechaillyenbiere\/?locale=fr_FR<\/a><\/p>\n<p style=\"text-align: center;\"><a href=\"https:\/\/www.facebook.com\/\"><b>@mediathequechaillyenbiere<\/b><\/a><\/p>\n<p>&nbsp;<\/p>\n<p>Le groupe de b\u00e9n\u00e9voles.<\/p>\n<p>&nbsp;<\/p>\n","protected":false},"excerpt":{"rendered":"<p>&nbsp; &nbsp; &nbsp; &nbsp; La m\u00e9diath\u00e8que est ouverte : de 15 h \u00e0 18 h le mercredi, de 09 h 30 \u00e0 12 h 30 le samedi.\u00a0 Venez d\u00e9couvrir les nouveaut\u00e9s pr\u00eat\u00e9es par la m\u00e9diath\u00e8que de Seine-et-Marne dont : BD, Mangas, Contes et albums, Romans : fictions, policiers, fantastiques, Documentaires, Livres \u00e9trangers : anglais, italiens, &hellip; <\/p>\n<p><a class=\"more-link btn\" href=\"https:\/\/www.mairie-chailly-en-biere.fr\/?page_id=9755\">Lire la suite<\/a><\/p>\n","protected":false},"author":2,"featured_media":0,"parent":0,"menu_order":5,"comment_status":"closed","ping_status":"closed","template":"","meta":{"footnotes":""},"class_list":["post-9755","page","type-page","status-publish","hentry","nodate","item-wrap"],"_links":{"self":[{"href":"https:\/\/www.mairie-chailly-en-biere.fr\/index.php?rest_route=\/wp\/v2\/pages\/9755","targetHints":{"allow":["GET"]}}],"collection":[{"href":"https:\/\/www.mairie-chailly-en-biere.fr\/index.php?rest_route=\/wp\/v2\/pages"}],"about":[{"href":"https:\/\/www.mairie-chailly-en-biere.fr\/index.php?rest_route=\/wp\/v2\/types\/page"}],"author":[{"embeddable":true,"href":"https:\/\/www.mairie-chailly-en-biere.fr\/index.php?rest_route=\/wp\/v2\/users\/2"}],"replies":[{"embeddable":true,"href":"https:\/\/www.mairie-chailly-en-biere.fr\/index.php?rest_route=%2Fwp%2Fv2%2Fcomments&post=9755"}],"version-history":[{"count":38,"href":"https:\/\/www.mairie-chailly-en-biere.fr\/index.php?rest_route=\/wp\/v2\/pages\/9755\/revisions"}],"predecessor-version":[{"id":19770,"href":"https:\/\/www.mairie-chailly-en-biere.fr\/index.php?rest_route=\/wp\/v2\/pages\/9755\/revisions\/19770"}],"wp:attachment":[{"href":"https:\/\/www.mairie-chailly-en-biere.fr\/index.php?rest_route=%2Fwp%2Fv2%2Fmedia&parent=9755"}],"curies":[{"name":"wp","href":"https:\/\/api.w.org\/{rel}","templated":true}]}}