{"id":9337,"date":"2022-06-06T12:44:35","date_gmt":"2022-06-06T12:44:35","guid":{"rendered":"https:\/\/www.mairie-chailly-en-biere.fr\/?page_id=9337"},"modified":"2026-03-04T08:08:40","modified_gmt":"2026-03-04T08:08:40","slug":"menus-scolaires","status":"publish","type":"page","link":"https:\/\/www.mairie-chailly-en-biere.fr\/?page_id=9337","title":{"rendered":"Menus scolaires"},"content":{"rendered":"<p style=\"text-align: justify;\"><img loading=\"lazy\" decoding=\"async\" class=\" wp-image-4240 alignleft\" src=\"https:\/\/www.mairie-chailly-en-biere.fr\/wp-content\/uploads\/restaurant-scolaire2-225x300.jpg\" alt=\"salle Fran\u00e7ois Desportes - restaurant scolaire\" width=\"240\" height=\"320\" srcset=\"https:\/\/www.mairie-chailly-en-biere.fr\/wp-content\/uploads\/restaurant-scolaire2-225x300.jpg 225w, https:\/\/www.mairie-chailly-en-biere.fr\/wp-content\/uploads\/restaurant-scolaire2-420x560.jpg 420w, https:\/\/www.mairie-chailly-en-biere.fr\/wp-content\/uploads\/restaurant-scolaire2.jpg 480w\" sizes=\"auto, (max-width: 240px) 100vw, 240px\" \/>La commune a reconduit le march\u00e9 de restauration scolaire avec Depreyt\u00e8re. Depuis la rentr\u00e9e 2024, les repas servis aux enfants sont dor\u00e9navant compos\u00e9s de <b>40 % de produits Bio<\/b>. Chailly a \u00e0 c\u0153ur d\u2019engager la restauration scolaire vers une alimentation toujours plus qualitative malgr\u00e9 les contraintes financi\u00e8res et d\u2019approvisionnement.<\/p>\n<p style=\"text-align: justify;\">Consultez les menus\u00a0 d&rsquo;un simple clic :<\/p>\n<ul>\n<li><a href=\"https:\/\/www.mairie-chailly-en-biere.fr\/wp-content\/uploads\/MENUS-DU-0903-AU-17042026.pdf\" target=\"_blank\" rel=\"noopener\">Menus du 9 mars au 17 avril 2026<\/a><\/li>\n<\/ul>\n<p>&nbsp;<\/p>\n<p class=\"xmsonormal\">Depuis la rentr\u00e9e de septembre 2013, il ne sera plus propos\u00e9 de repas adapt\u00e9s aux convictions religieuses, conform\u00e9ment \u00e0 la d\u00e9cision prise en conseil municipal du 24 juin 2013.<\/p>\n<p style=\"text-align: justify;\"><strong>\u00a0<\/strong><\/p>\n<p>&nbsp;<\/p>\n","protected":false},"excerpt":{"rendered":"<p>La commune a reconduit le march\u00e9 de restauration scolaire avec Depreyt\u00e8re. Depuis la rentr\u00e9e 2024, les repas servis aux enfants sont dor\u00e9navant compos\u00e9s de 40 % de produits Bio. Chailly a \u00e0 c\u0153ur d\u2019engager la restauration scolaire vers une alimentation toujours plus qualitative malgr\u00e9 les contraintes financi\u00e8res et d\u2019approvisionnement. Consultez les menus\u00a0 d&rsquo;un simple clic &hellip; <\/p>\n<p><a class=\"more-link btn\" href=\"https:\/\/www.mairie-chailly-en-biere.fr\/?page_id=9337\">Lire la suite<\/a><\/p>\n","protected":false},"author":2,"featured_media":0,"parent":9332,"menu_order":2,"comment_status":"closed","ping_status":"closed","template":"","meta":{"footnotes":""},"class_list":["post-9337","page","type-page","status-publish","hentry","nodate","item-wrap"],"_links":{"self":[{"href":"https:\/\/www.mairie-chailly-en-biere.fr\/index.php?rest_route=\/wp\/v2\/pages\/9337","targetHints":{"allow":["GET"]}}],"collection":[{"href":"https:\/\/www.mairie-chailly-en-biere.fr\/index.php?rest_route=\/wp\/v2\/pages"}],"about":[{"href":"https:\/\/www.mairie-chailly-en-biere.fr\/index.php?rest_route=\/wp\/v2\/types\/page"}],"author":[{"embeddable":true,"href":"https:\/\/www.mairie-chailly-en-biere.fr\/index.php?rest_route=\/wp\/v2\/users\/2"}],"replies":[{"embeddable":true,"href":"https:\/\/www.mairie-chailly-en-biere.fr\/index.php?rest_route=%2Fwp%2Fv2%2Fcomments&post=9337"}],"version-history":[{"count":111,"href":"https:\/\/www.mairie-chailly-en-biere.fr\/index.php?rest_route=\/wp\/v2\/pages\/9337\/revisions"}],"predecessor-version":[{"id":19612,"href":"https:\/\/www.mairie-chailly-en-biere.fr\/index.php?rest_route=\/wp\/v2\/pages\/9337\/revisions\/19612"}],"up":[{"embeddable":true,"href":"https:\/\/www.mairie-chailly-en-biere.fr\/index.php?rest_route=\/wp\/v2\/pages\/9332"}],"wp:attachment":[{"href":"https:\/\/www.mairie-chailly-en-biere.fr\/index.php?rest_route=%2Fwp%2Fv2%2Fmedia&parent=9337"}],"curies":[{"name":"wp","href":"https:\/\/api.w.org\/{rel}","templated":true}]}}