{"id":6005,"date":"2014-04-19T07:48:46","date_gmt":"2014-04-19T07:48:46","guid":{"rendered":"https:\/\/www.mairie-chailly-en-biere.fr\/?page_id=6005"},"modified":"2026-03-27T10:28:46","modified_gmt":"2026-03-27T10:28:46","slug":"vos-elus","status":"publish","type":"page","link":"https:\/\/www.mairie-chailly-en-biere.fr\/?page_id=6005","title":{"rendered":"Vos \u00e9lus"},"content":{"rendered":"<p><img loading=\"lazy\" decoding=\"async\" class=\"aligncenter wp-image-19671 size-full\" src=\"https:\/\/www.mairie-chailly-en-biere.fr\/wp-content\/uploads\/CM.jpg\" alt=\"\" width=\"800\" height=\"600\" srcset=\"https:\/\/www.mairie-chailly-en-biere.fr\/wp-content\/uploads\/CM.jpg 800w, https:\/\/www.mairie-chailly-en-biere.fr\/wp-content\/uploads\/CM-300x225.jpg 300w, https:\/\/www.mairie-chailly-en-biere.fr\/wp-content\/uploads\/CM-555x416.jpg 555w\" sizes=\"auto, (max-width: 800px) 100vw, 800px\" \/><\/p>\n<p>Le Conseil municipal a \u00e9t\u00e9 \u00e9lu lors du scrutin du 15 mars 2026. Il est compos\u00e9 de 19 membres :<\/p>\n<table style=\"border-collapse: collapse; width: 100%;\">\n<tbody>\n<tr>\n<td style=\"width: 50%;\"><strong>Le Maire,<\/strong><\/p>\n<p><strong>Alain THIERY<\/strong><\/td>\n<td style=\"width: 50%;\"><img loading=\"lazy\" decoding=\"async\" class=\"aligncenter wp-image-19676 size-medium\" src=\"https:\/\/www.mairie-chailly-en-biere.fr\/wp-content\/uploads\/CM-1ALAIN-THIERY2.jpeg-225x300.jpg\" alt=\"\" width=\"225\" height=\"300\" srcset=\"https:\/\/www.mairie-chailly-en-biere.fr\/wp-content\/uploads\/CM-1ALAIN-THIERY2.jpeg-225x300.jpg 225w, https:\/\/www.mairie-chailly-en-biere.fr\/wp-content\/uploads\/CM-1ALAIN-THIERY2.jpeg-576x768.jpg 576w, https:\/\/www.mairie-chailly-en-biere.fr\/wp-content\/uploads\/CM-1ALAIN-THIERY2.jpeg-555x740.jpg 555w, https:\/\/www.mairie-chailly-en-biere.fr\/wp-content\/uploads\/CM-1ALAIN-THIERY2.jpeg.jpg 600w\" sizes=\"auto, (max-width: 225px) 100vw, 225px\" \/><\/td>\n<\/tr>\n<\/tbody>\n<\/table>\n<h1><strong>Les Adjoints<\/strong><\/h1>\n<table style=\"border-collapse: collapse; width: 100%;\">\n<tbody>\n<tr>\n<td style=\"width: 50%;\"><strong>Aur\u00e9lien ZACHAYUS<\/strong><\/p>\n<p><strong>1er adjoint au Maire,<\/strong><\/p>\n<p style=\"text-align: justify;\">d\u00e9l\u00e9gu\u00e9 \u00e0 l\u2019habitat, \u00e0 l\u2019urbanisme, au d\u00e9veloppement durable et aux finances<\/p>\n<p>&nbsp;<\/td>\n<td style=\"width: 50%;\"><img loading=\"lazy\" decoding=\"async\" class=\"aligncenter wp-image-19677 size-medium\" src=\"https:\/\/www.mairie-chailly-en-biere.fr\/wp-content\/uploads\/cm-2-Aurelien-Zachayus-200x300.jpg\" alt=\"\" width=\"200\" height=\"300\" srcset=\"https:\/\/www.mairie-chailly-en-biere.fr\/wp-content\/uploads\/cm-2-Aurelien-Zachayus-200x300.jpg 200w, https:\/\/www.mairie-chailly-en-biere.fr\/wp-content\/uploads\/cm-2-Aurelien-Zachayus-512x768.jpg 512w, https:\/\/www.mairie-chailly-en-biere.fr\/wp-content\/uploads\/cm-2-Aurelien-Zachayus.jpg 533w\" sizes=\"auto, (max-width: 200px) 100vw, 200px\" \/><\/td>\n<\/tr>\n<tr>\n<td style=\"width: 50%;\"><strong>Marie-Jos\u00e9 LANIER<\/strong><\/p>\n<p><strong>2e adjointe au Maire,<\/strong><\/p>\n<p>d\u00e9l\u00e9gu\u00e9e \u00e0 la solidarit\u00e9, aux affaires sociales, \u00e0 la sant\u00e9 et au handicap, seniors C.C.A.S.<\/td>\n<td style=\"width: 50%;\"><img loading=\"lazy\" decoding=\"async\" class=\"aligncenter wp-image-19678 size-medium\" src=\"https:\/\/www.mairie-chailly-en-biere.fr\/wp-content\/uploads\/cm-3-Marie-Jose-LANIER-200x300.jpg\" alt=\"\" width=\"200\" height=\"300\" srcset=\"https:\/\/www.mairie-chailly-en-biere.fr\/wp-content\/uploads\/cm-3-Marie-Jose-LANIER-200x300.jpg 200w, https:\/\/www.mairie-chailly-en-biere.fr\/wp-content\/uploads\/cm-3-Marie-Jose-LANIER-512x768.jpg 512w, https:\/\/www.mairie-chailly-en-biere.fr\/wp-content\/uploads\/cm-3-Marie-Jose-LANIER.jpg 533w\" sizes=\"auto, (max-width: 200px) 100vw, 200px\" \/><\/td>\n<\/tr>\n<tr>\n<td style=\"width: 50%;\"><strong>Fabrice KIMPE<\/strong><\/p>\n<p><strong>3e adjoint au Maire,<\/strong><\/p>\n<p style=\"text-align: justify;\">d\u00e9l\u00e9gu\u00e9 de la communication, de l\u2019administration g\u00e9n\u00e9rale, de la coh\u00e9sion sociale, de la pr\u00e9vention et du d\u00e9veloppement \u00e9conomique, des f\u00eates et c\u00e9r\u00e9monies, des associations sportives et culturelles et des transports<\/p>\n<\/td>\n<td style=\"width: 50%;\"><img loading=\"lazy\" decoding=\"async\" class=\"aligncenter wp-image-19679 size-medium\" src=\"https:\/\/www.mairie-chailly-en-biere.fr\/wp-content\/uploads\/cm-4-Fabrice-KIMPE-200x300.jpg\" alt=\"\" width=\"200\" height=\"300\" srcset=\"https:\/\/www.mairie-chailly-en-biere.fr\/wp-content\/uploads\/cm-4-Fabrice-KIMPE-200x300.jpg 200w, https:\/\/www.mairie-chailly-en-biere.fr\/wp-content\/uploads\/cm-4-Fabrice-KIMPE-512x768.jpg 512w, https:\/\/www.mairie-chailly-en-biere.fr\/wp-content\/uploads\/cm-4-Fabrice-KIMPE.jpg 533w\" sizes=\"auto, (max-width: 200px) 100vw, 200px\" \/><\/td>\n<\/tr>\n<tr>\n<td style=\"width: 50%;\"><strong>Paula LINARD<\/strong><\/p>\n<p><strong>4e adjointe au Maire<\/strong><\/p>\n<p style=\"text-align: justify;\">d\u00e9l\u00e9gu\u00e9e de la petite enfance, du scolaire et p\u00e9riscolaire, de la r\u00e9ussite \u00e9ducative et de la jeunesse<\/p>\n<\/td>\n<td style=\"width: 50%;\"><img loading=\"lazy\" decoding=\"async\" class=\"aligncenter wp-image-19680 size-medium\" src=\"https:\/\/www.mairie-chailly-en-biere.fr\/wp-content\/uploads\/cm-5-Paula-LINARD-200x300.jpg\" alt=\"\" width=\"200\" height=\"300\" srcset=\"https:\/\/www.mairie-chailly-en-biere.fr\/wp-content\/uploads\/cm-5-Paula-LINARD-200x300.jpg 200w, https:\/\/www.mairie-chailly-en-biere.fr\/wp-content\/uploads\/cm-5-Paula-LINARD-512x768.jpg 512w, https:\/\/www.mairie-chailly-en-biere.fr\/wp-content\/uploads\/cm-5-Paula-LINARD.jpg 533w\" sizes=\"auto, (max-width: 200px) 100vw, 200px\" \/><\/td>\n<\/tr>\n<tr>\n<td style=\"width: 50%;\"><strong>Pierre SEGRET<\/strong><\/p>\n<p><strong>5e adjoint au Maire,<\/strong><\/p>\n<p style=\"text-align: justify;\">d\u00e9l\u00e9gu\u00e9 au suivi des travaux internes, externes, des voiries, des stationnements, du plan de circulation, de l\u2019entretien des locaux communaux et des espaces publics, de l\u2019hygi\u00e8ne, pr\u00e9vention et s\u00e9curit\u00e9.<\/p>\n<\/td>\n<td style=\"width: 50%;\"><img loading=\"lazy\" decoding=\"async\" class=\"aligncenter wp-image-19681 size-medium\" src=\"https:\/\/www.mairie-chailly-en-biere.fr\/wp-content\/uploads\/cm-6-Pierre-SEGRET-200x300.jpg\" alt=\"\" width=\"200\" height=\"300\" srcset=\"https:\/\/www.mairie-chailly-en-biere.fr\/wp-content\/uploads\/cm-6-Pierre-SEGRET-200x300.jpg 200w, https:\/\/www.mairie-chailly-en-biere.fr\/wp-content\/uploads\/cm-6-Pierre-SEGRET-512x768.jpg 512w, https:\/\/www.mairie-chailly-en-biere.fr\/wp-content\/uploads\/cm-6-Pierre-SEGRET.jpg 533w\" sizes=\"auto, (max-width: 200px) 100vw, 200px\" \/><\/td>\n<\/tr>\n<\/tbody>\n<\/table>\n<h1>Les conseillers municipaux<\/h1>\n<table style=\"border-collapse: collapse; width: 100%;\">\n<tbody>\n<tr>\n<td style=\"width: 50%;\"><strong>H\u00e9l\u00e8ne MAGNE<\/strong><\/p>\n<p><img loading=\"lazy\" decoding=\"async\" class=\"aligncenter size-thumbnail wp-image-19691\" src=\"https:\/\/www.mairie-chailly-en-biere.fr\/wp-content\/uploads\/cm-Helene-MAGNE-150x150.jpg\" alt=\"\" width=\"150\" height=\"150\" \/><\/td>\n<td style=\"width: 50%;\"><strong>Francisca SAEZ<\/strong><\/p>\n<p><img loading=\"lazy\" decoding=\"async\" class=\"aligncenter size-thumbnail wp-image-19688\" src=\"https:\/\/www.mairie-chailly-en-biere.fr\/wp-content\/uploads\/cm-Francoise-Saez-150x150.jpg\" alt=\"\" width=\"150\" height=\"150\" \/><\/td>\n<\/tr>\n<tr>\n<td style=\"width: 50%;\"><strong>Maryline JANVIER<\/strong><\/p>\n<p><img loading=\"lazy\" decoding=\"async\" class=\"aligncenter size-thumbnail wp-image-19694\" src=\"https:\/\/www.mairie-chailly-en-biere.fr\/wp-content\/uploads\/cm-Maryline-Janvier-150x150.jpg\" alt=\"\" width=\"150\" height=\"150\" \/><\/td>\n<td style=\"width: 50%;\"><strong>Gilles BIARDEAU<\/strong><\/p>\n<p><img loading=\"lazy\" decoding=\"async\" class=\"aligncenter size-thumbnail wp-image-19689\" src=\"https:\/\/www.mairie-chailly-en-biere.fr\/wp-content\/uploads\/cm-Gilles-Biardeau-150x150.jpg\" alt=\"\" width=\"150\" height=\"150\" \/><\/td>\n<\/tr>\n<tr>\n<td style=\"width: 50%;\"><strong>Catherine CHANDELIER<\/strong><\/p>\n<p><img loading=\"lazy\" decoding=\"async\" class=\"aligncenter size-thumbnail wp-image-19685\" src=\"https:\/\/www.mairie-chailly-en-biere.fr\/wp-content\/uploads\/cm-Catherine-CHANDELIER-150x150.jpg\" alt=\"\" width=\"150\" height=\"150\" \/><\/td>\n<td style=\"width: 50%;\"><strong>S\u00e9bastien COLLET<\/strong><\/p>\n<p><img loading=\"lazy\" decoding=\"async\" class=\"aligncenter size-thumbnail wp-image-19696\" src=\"https:\/\/www.mairie-chailly-en-biere.fr\/wp-content\/uploads\/cm-Sebastien-COLLET-150x150.jpg\" alt=\"\" width=\"150\" height=\"150\" \/><\/td>\n<\/tr>\n<tr>\n<td style=\"width: 50%;\"><strong>Philippe RIBEIRO DE FARIA<\/strong><\/p>\n<p><img loading=\"lazy\" decoding=\"async\" class=\"aligncenter size-thumbnail wp-image-19695\" src=\"https:\/\/www.mairie-chailly-en-biere.fr\/wp-content\/uploads\/cm-Philippe-RIBEIRO-DE-FARIA-150x150.jpg\" alt=\"\" width=\"150\" height=\"150\" \/><\/td>\n<td style=\"width: 50%;\"><strong>Julien LOUCHEUX<\/strong><\/p>\n<p><img loading=\"lazy\" decoding=\"async\" class=\"aligncenter size-thumbnail wp-image-19693\" src=\"https:\/\/www.mairie-chailly-en-biere.fr\/wp-content\/uploads\/cm-Julien-LOUCHEUX-150x150.jpg\" alt=\"\" width=\"150\" height=\"150\" \/><\/td>\n<\/tr>\n<tr>\n<td style=\"width: 50%;\"><strong>\u00c9l\u00e9onore COSTA<\/strong><\/p>\n<p><img loading=\"lazy\" decoding=\"async\" class=\"aligncenter size-thumbnail wp-image-19687\" src=\"https:\/\/www.mairie-chailly-en-biere.fr\/wp-content\/uploads\/cm-Eleonore-COSTA-150x150.jpg\" alt=\"\" width=\"150\" height=\"150\" \/><\/td>\n<td style=\"width: 50%;\"><strong>Cyrielle SALOM\u00c9<\/strong><\/p>\n<p><img loading=\"lazy\" decoding=\"async\" class=\"aligncenter size-thumbnail wp-image-19686\" src=\"https:\/\/www.mairie-chailly-en-biere.fr\/wp-content\/uploads\/cm-Cyrielle-SALOME-150x150.jpg\" alt=\"\" width=\"150\" height=\"150\" \/><\/td>\n<\/tr>\n<tr>\n<td style=\"width: 50%;\"><strong>Guillaume BROUSSE<\/strong><\/p>\n<p><img loading=\"lazy\" decoding=\"async\" class=\"aligncenter size-thumbnail wp-image-19690\" src=\"https:\/\/www.mairie-chailly-en-biere.fr\/wp-content\/uploads\/cm-Guillaume-Brousse-150x150.jpg\" alt=\"\" width=\"150\" height=\"150\" \/><\/td>\n<td style=\"width: 50%;\"><strong>Jonathan BEKAERT<\/strong><\/p>\n<p><img loading=\"lazy\" decoding=\"async\" class=\"aligncenter size-thumbnail wp-image-19692\" src=\"https:\/\/www.mairie-chailly-en-biere.fr\/wp-content\/uploads\/cm-Jonathan-BEKAERT-150x150.jpg\" alt=\"\" width=\"150\" height=\"150\" \/><\/td>\n<\/tr>\n<tr>\n<td style=\"width: 50%;\"><strong>Anne-Sophie VAJOU<\/strong><\/p>\n<p><img loading=\"lazy\" decoding=\"async\" class=\"aligncenter size-thumbnail wp-image-19684\" src=\"https:\/\/www.mairie-chailly-en-biere.fr\/wp-content\/uploads\/cm-Anne-Sophie-VAJOU-150x150.jpg\" alt=\"\" width=\"150\" height=\"150\" \/><\/td>\n<td style=\"width: 50%;\"><\/td>\n<\/tr>\n<\/tbody>\n<\/table>\n<p>&nbsp;<\/p>\n","protected":false},"excerpt":{"rendered":"<p>Le Conseil municipal a \u00e9t\u00e9 \u00e9lu lors du scrutin du 15 mars 2026. Il est compos\u00e9 de 19 membres : Le Maire, Alain THIERY Les Adjoints Aur\u00e9lien ZACHAYUS 1er adjoint au Maire, d\u00e9l\u00e9gu\u00e9 \u00e0 l\u2019habitat, \u00e0 l\u2019urbanisme, au d\u00e9veloppement durable et aux finances &nbsp; Marie-Jos\u00e9 LANIER 2e adjointe au Maire, d\u00e9l\u00e9gu\u00e9e \u00e0 la solidarit\u00e9, aux &hellip; <\/p>\n<p><a class=\"more-link btn\" href=\"https:\/\/www.mairie-chailly-en-biere.fr\/?page_id=6005\">Lire la suite<\/a><\/p>\n","protected":false},"author":2,"featured_media":0,"parent":2,"menu_order":1,"comment_status":"closed","ping_status":"closed","template":"","meta":{"footnotes":""},"class_list":["post-6005","page","type-page","status-publish","hentry","nodate","item-wrap"],"_links":{"self":[{"href":"https:\/\/www.mairie-chailly-en-biere.fr\/index.php?rest_route=\/wp\/v2\/pages\/6005","targetHints":{"allow":["GET"]}}],"collection":[{"href":"https:\/\/www.mairie-chailly-en-biere.fr\/index.php?rest_route=\/wp\/v2\/pages"}],"about":[{"href":"https:\/\/www.mairie-chailly-en-biere.fr\/index.php?rest_route=\/wp\/v2\/types\/page"}],"author":[{"embeddable":true,"href":"https:\/\/www.mairie-chailly-en-biere.fr\/index.php?rest_route=\/wp\/v2\/users\/2"}],"replies":[{"embeddable":true,"href":"https:\/\/www.mairie-chailly-en-biere.fr\/index.php?rest_route=%2Fwp%2Fv2%2Fcomments&post=6005"}],"version-history":[{"count":103,"href":"https:\/\/www.mairie-chailly-en-biere.fr\/index.php?rest_route=\/wp\/v2\/pages\/6005\/revisions"}],"predecessor-version":[{"id":19701,"href":"https:\/\/www.mairie-chailly-en-biere.fr\/index.php?rest_route=\/wp\/v2\/pages\/6005\/revisions\/19701"}],"up":[{"embeddable":true,"href":"https:\/\/www.mairie-chailly-en-biere.fr\/index.php?rest_route=\/wp\/v2\/pages\/2"}],"wp:attachment":[{"href":"https:\/\/www.mairie-chailly-en-biere.fr\/index.php?rest_route=%2Fwp%2Fv2%2Fmedia&parent=6005"}],"curies":[{"name":"wp","href":"https:\/\/api.w.org\/{rel}","templated":true}]}}