{"id":41,"date":"2010-12-14T14:27:21","date_gmt":"2010-12-14T14:27:21","guid":{"rendered":"https:\/\/www.mairie-chailly-en-biere.fr\/?page_id=41"},"modified":"2019-08-12T14:31:07","modified_gmt":"2019-08-12T14:31:07","slug":"proprietaires-de-chiens","status":"publish","type":"page","link":"https:\/\/www.mairie-chailly-en-biere.fr\/?page_id=41","title":{"rendered":"Propri\u00e9taires de chiens \/ d\u00e9jections canines"},"content":{"rendered":"<p><img loading=\"lazy\" decoding=\"async\" class=\"alignleft wp-image-5333 size-thumbnail\" src=\"https:\/\/www.mairie-chailly-en-biere.fr\/wp-content\/uploads\/dejections-canines-150x150.jpg\" alt=\"D\u00e9jections canines\" width=\"150\" height=\"150\" \/><\/p>\n<p style=\"text-align: justify;\">Une d\u00e9jection en sortant de chez vous,\u00a0en montant dans votre v\u00e9hicule, ou \u00e0 l&rsquo;arriv\u00e9e de vos invit\u00e9s&#8230; De quoi vous agacer ! Propri\u00e9taires de chiens,\u00a0un peu de civisme&#8230;\u00a0Sachez que <a href=\"https:\/\/www.mairie-chailly-en-biere.fr\/wp-content\/uploads\/ARRETE-DEJECTIONS-CANINES.pdf\">par arr\u00eat\u00e9 municipal<\/a>, vous\u00a0devez dor\u00e9navant ramasser sous peine de contravention\u00a0de 2e classe (35 \u20ac). Ce n&rsquo;est pas compliqu\u00e9, il suffit de pr\u00e9voir un sachet (plastique ou papier).<\/p>\n<p>&nbsp;<\/p>\n<p><strong><span style=\"text-decoration: underline;\"><span style=\"color: #ff0000; text-decoration: underline;\">1\u00e8re ou 2\u00e8me cat\u00e9gorie, permis obligatoire<\/span><\/span><\/strong><\/p>\n<p><img loading=\"lazy\" decoding=\"async\" class=\"alignleft wp-image-743 size-full\" src=\"https:\/\/www.mairie-chailly-en-biere.fr\/wp-content\/uploads\/CHIEN.jpg\" alt=\"Chien\" width=\"156\" height=\"181\" \/><\/p>\n<p>Avant le 1er janvier 2010, tout propri\u00e9taire ou d\u00e9tenteur d\u2019un chien class\u00e9 1\u00e8re ou 2\u00e8me cat\u00e9gorie (Pit-bull, Rottweiler etc.) doit obtenir un permis de d\u00e9tention sous peine d\u2019amendes et de sanctions graves en cas de morsure.<\/p>\n<p>Renseignements sur le site du <a href=\"https:\/\/www.interieur.gouv.fr\/sections\/a_votre_service\/vos_demarches\/chiens\">Minist\u00e8re de l&rsquo;Int\u00e9rieur<\/a> ou celui de la <a href=\"https:\/\/www.seine-et-marne.pref.gouv.fr\/\">Pr\u00e9fecture de Seine-et-Marne<\/a> .<\/p>\n","protected":false},"excerpt":{"rendered":"<p>Une d\u00e9jection en sortant de chez vous,\u00a0en montant dans votre v\u00e9hicule, ou \u00e0 l&rsquo;arriv\u00e9e de vos invit\u00e9s&#8230; De quoi vous agacer ! Propri\u00e9taires de chiens,\u00a0un peu de civisme&#8230;\u00a0Sachez que par arr\u00eat\u00e9 municipal, vous\u00a0devez dor\u00e9navant ramasser sous peine de contravention\u00a0de 2e classe (35 \u20ac). Ce n&rsquo;est pas compliqu\u00e9, il suffit de pr\u00e9voir un sachet (plastique ou &hellip; <\/p>\n<p><a class=\"more-link btn\" href=\"https:\/\/www.mairie-chailly-en-biere.fr\/?page_id=41\">Lire la suite<\/a><\/p>\n","protected":false},"author":2,"featured_media":0,"parent":35,"menu_order":15,"comment_status":"closed","ping_status":"closed","template":"","meta":{"footnotes":""},"class_list":["post-41","page","type-page","status-publish","hentry","nodate","item-wrap"],"_links":{"self":[{"href":"https:\/\/www.mairie-chailly-en-biere.fr\/index.php?rest_route=\/wp\/v2\/pages\/41","targetHints":{"allow":["GET"]}}],"collection":[{"href":"https:\/\/www.mairie-chailly-en-biere.fr\/index.php?rest_route=\/wp\/v2\/pages"}],"about":[{"href":"https:\/\/www.mairie-chailly-en-biere.fr\/index.php?rest_route=\/wp\/v2\/types\/page"}],"author":[{"embeddable":true,"href":"https:\/\/www.mairie-chailly-en-biere.fr\/index.php?rest_route=\/wp\/v2\/users\/2"}],"replies":[{"embeddable":true,"href":"https:\/\/www.mairie-chailly-en-biere.fr\/index.php?rest_route=%2Fwp%2Fv2%2Fcomments&post=41"}],"version-history":[{"count":10,"href":"https:\/\/www.mairie-chailly-en-biere.fr\/index.php?rest_route=\/wp\/v2\/pages\/41\/revisions"}],"predecessor-version":[{"id":12331,"href":"https:\/\/www.mairie-chailly-en-biere.fr\/index.php?rest_route=\/wp\/v2\/pages\/41\/revisions\/12331"}],"up":[{"embeddable":true,"href":"https:\/\/www.mairie-chailly-en-biere.fr\/index.php?rest_route=\/wp\/v2\/pages\/35"}],"wp:attachment":[{"href":"https:\/\/www.mairie-chailly-en-biere.fr\/index.php?rest_route=%2Fwp%2Fv2%2Fmedia&parent=41"}],"curies":[{"name":"wp","href":"https:\/\/api.w.org\/{rel}","templated":true}]}}