{"id":3638,"date":"2018-04-02T14:58:50","date_gmt":"2018-04-02T14:58:50","guid":{"rendered":"https:\/\/www.mairie-chailly-en-biere.fr\/?page_id=3638"},"modified":"2026-03-26T15:28:24","modified_gmt":"2026-03-26T15:28:24","slug":"conseils-municipaux","status":"publish","type":"page","link":"https:\/\/www.mairie-chailly-en-biere.fr\/?page_id=3638","title":{"rendered":"Conseils municipaux"},"content":{"rendered":"<p style=\"text-align: center;\"><strong>Prochain conseil municipal : lundi 30 mars 2026 \u00e0 20 h<br \/>\n<\/strong><\/p>\n<p>Consulter les comptes-rendus des conseils municipaux en ligne :<\/p>\n<p>2026<\/p>\n<ul>\n<li><a href=\"https:\/\/www.mairie-chailly-en-biere.fr\/wp-content\/uploads\/CR-DU-CM-DU-20032026.pdf\">du 20 mars 2026<\/a><\/li>\n<li><a href=\"https:\/\/www.mairie-chailly-en-biere.fr\/wp-content\/uploads\/CR-DU-CM-DU16022026.pdf\">du 16 f\u00e9vrier 2026<\/a><\/li>\n<li><a href=\"https:\/\/www.mairie-chailly-en-biere.fr\/wp-content\/uploads\/CR-DU-CM-DU-26012026.pdf\" target=\"_blank\" rel=\"noopener\">du 26 janvier 2026<\/a><\/li>\n<\/ul>\n<p>&nbsp;<\/p>\n<p>2025<\/p>\n<ul>\n<li><a href=\"https:\/\/www.mairie-chailly-en-biere.fr\/wp-content\/uploads\/CRCM29092025.pdf\">du 29 septembre 2025<\/a><\/li>\n<li><a href=\"https:\/\/www.mairie-chailly-en-biere.fr\/wp-content\/uploads\/CR-DU-CM-DU-30062025-2.pdf\">du 30 juin 2025<\/a><\/li>\n<li><a href=\"https:\/\/www.mairie-chailly-en-biere.fr\/wp-content\/uploads\/CRCM-05062025.pdf\">du 5 juin 2025<\/a><\/li>\n<li><a href=\"https:\/\/www.mairie-chailly-en-biere.fr\/wp-content\/uploads\/CR-DU-CM-09042025.pdf\">du 9 avril 2025<\/a><\/li>\n<li><a href=\"https:\/\/www.mairie-chailly-en-biere.fr\/wp-content\/uploads\/CR-DU-CM-DU-10022025.pdf\">du 10 f\u00e9vrier 2025<\/a><\/li>\n<\/ul>\n<p>&nbsp;<\/p>\n<p>2024 :<\/p>\n<ul>\n<li><a href=\"https:\/\/www.mairie-chailly-en-biere.fr\/wp-content\/uploads\/CR-DU-CM-DU-09122024.pdf\">du 9 d\u00e9cembre 2024<\/a><\/li>\n<li><a href=\"https:\/\/www.mairie-chailly-en-biere.fr\/wp-content\/uploads\/CR-DU-CM-DU-30092024.pdf\">du 30 septembre 2024<\/a><\/li>\n<li><a href=\"https:\/\/www.mairie-chailly-en-biere.fr\/wp-content\/uploads\/CR-DU-CM-DU-13062024.pdf\">du 13 juin 2024<\/a><\/li>\n<li><a href=\"https:\/\/www.mairie-chailly-en-biere.fr\/wp-content\/uploads\/CR-DU-CM-DU-03062024.pdf\">du 3 juin 2024<\/a><\/li>\n<li><a href=\"https:\/\/www.mairie-chailly-en-biere.fr\/wp-content\/uploads\/CR-DU-08042024.pdf\">du 8 avril 2024<\/a><\/li>\n<li><a href=\"https:\/\/www.mairie-chailly-en-biere.fr\/wp-content\/uploads\/CM-DU-15022024.pdf\">du 15 f\u00e9vrier 2024<\/a><\/li>\n<\/ul>\n<p>&nbsp;<\/p>\n<p>2023 :<\/p>\n<ul>\n<li><a href=\"https:\/\/www.mairie-chailly-en-biere.fr\/wp-content\/uploads\/CR-DU-CM-DU-04122023.pdf\">du 4 d\u00e9cembre 2023\u00a0<\/a><\/li>\n<li><a href=\"https:\/\/www.mairie-chailly-en-biere.fr\/wp-content\/uploads\/CR-DU-CM-DU-25092023.pdf\">du 25 septembre 2023<\/a><\/li>\n<\/ul>\n","protected":false},"excerpt":{"rendered":"<p>Prochain conseil municipal : lundi 30 mars 2026 \u00e0 20 h Consulter les comptes-rendus des conseils municipaux en ligne : 2026 du 20 mars 2026 du 16 f\u00e9vrier 2026 du 26 janvier 2026 &nbsp; 2025 du 29 septembre 2025 du 30 juin 2025 du 5 juin 2025 du 9 avril 2025 du 10 f\u00e9vrier 2025 &hellip; <\/p>\n<p><a class=\"more-link btn\" href=\"https:\/\/www.mairie-chailly-en-biere.fr\/?page_id=3638\">Lire la suite<\/a><\/p>\n","protected":false},"author":2,"featured_media":0,"parent":2,"menu_order":4,"comment_status":"closed","ping_status":"closed","template":"","meta":{"footnotes":""},"class_list":["post-3638","page","type-page","status-publish","hentry","nodate","item-wrap"],"_links":{"self":[{"href":"https:\/\/www.mairie-chailly-en-biere.fr\/index.php?rest_route=\/wp\/v2\/pages\/3638","targetHints":{"allow":["GET"]}}],"collection":[{"href":"https:\/\/www.mairie-chailly-en-biere.fr\/index.php?rest_route=\/wp\/v2\/pages"}],"about":[{"href":"https:\/\/www.mairie-chailly-en-biere.fr\/index.php?rest_route=\/wp\/v2\/types\/page"}],"author":[{"embeddable":true,"href":"https:\/\/www.mairie-chailly-en-biere.fr\/index.php?rest_route=\/wp\/v2\/users\/2"}],"replies":[{"embeddable":true,"href":"https:\/\/www.mairie-chailly-en-biere.fr\/index.php?rest_route=%2Fwp%2Fv2%2Fcomments&post=3638"}],"version-history":[{"count":206,"href":"https:\/\/www.mairie-chailly-en-biere.fr\/index.php?rest_route=\/wp\/v2\/pages\/3638\/revisions"}],"predecessor-version":[{"id":19675,"href":"https:\/\/www.mairie-chailly-en-biere.fr\/index.php?rest_route=\/wp\/v2\/pages\/3638\/revisions\/19675"}],"up":[{"embeddable":true,"href":"https:\/\/www.mairie-chailly-en-biere.fr\/index.php?rest_route=\/wp\/v2\/pages\/2"}],"wp:attachment":[{"href":"https:\/\/www.mairie-chailly-en-biere.fr\/index.php?rest_route=%2Fwp%2Fv2%2Fmedia&parent=3638"}],"curies":[{"name":"wp","href":"https:\/\/api.w.org\/{rel}","templated":true}]}}