{"id":162,"date":"2010-12-17T06:44:57","date_gmt":"2010-12-17T06:44:57","guid":{"rendered":"https:\/\/www.mairie-chailly-en-biere.fr\/?page_id=162"},"modified":"2011-03-08T13:52:06","modified_gmt":"2011-03-08T13:52:06","slug":"karl-bodmer","status":"publish","type":"page","link":"https:\/\/www.mairie-chailly-en-biere.fr\/?page_id=162","title":{"rendered":"Karl Bodmer"},"content":{"rendered":"<div id=\"attachment_1144\" style=\"width: 300px\" class=\"wp-caption alignleft\"><a href=\"https:\/\/www.mairie-chailly-en-biere.fr\/?attachment_id=1144\" rel=\"attachment wp-att-1144\"><img loading=\"lazy\" decoding=\"async\" aria-describedby=\"caption-attachment-1144\" src=\"https:\/\/www.mairie-chailly-en-biere.fr\/wp-content\/uploads\/KARLBODMER3-300x197.jpg\" alt=\"KARL BODMER\" title=\"KARL BODMER\" width=\"300\" height=\"197\" class=\"size-medium wp-image-1144\" srcset=\"https:\/\/www.mairie-chailly-en-biere.fr\/wp-content\/uploads\/KARLBODMER3-300x197.jpg 300w, https:\/\/www.mairie-chailly-en-biere.fr\/wp-content\/uploads\/KARLBODMER3.jpg 306w\" sizes=\"auto, (max-width: 300px) 100vw, 300px\" \/><\/a><p id=\"caption-attachment-1144\" class=\"wp-caption-text\">KARL BODMER<\/p><\/div>\n<p>Jean Charles BODMER est n\u00e9 le 15 f\u00e9vrier 1809 \u00e0 Eplingen-Egg (Suisse). Le 7 octobre 1876, il \u00e9pouse \u00e0 Chailly-en-Bi\u00e8re Anne Marie Madeleine PFEIFFER avec laquelle il aura plusieurs enfants (Karl Henri, Fr\u00e9d\u00e9ric Rodolphe et Henri Adolphe). Il meurt \u00e0 l\u2019\u00e2ge de 85 ans le 30 octobre 1893 \u00e0 Paris et sera inhum\u00e9 dans le cimeti\u00e8re de Chailly En Bi\u00e8re.<\/p>\n<div id=\"attachment_1145\" style=\"width: 199px\" class=\"wp-caption alignright\"><a href=\"https:\/\/www.mairie-chailly-en-biere.fr\/?attachment_id=1145\" rel=\"attachment wp-att-1145\"><img loading=\"lazy\" decoding=\"async\" aria-describedby=\"caption-attachment-1145\" src=\"https:\/\/www.mairie-chailly-en-biere.fr\/wp-content\/uploads\/KARLBODMER-199x300.jpg\" alt=\"KARL BODMER\" title=\"KARL BODMER\" width=\"199\" height=\"300\" class=\"size-medium wp-image-1145\" srcset=\"https:\/\/www.mairie-chailly-en-biere.fr\/wp-content\/uploads\/KARLBODMER-199x300.jpg 199w, https:\/\/www.mairie-chailly-en-biere.fr\/wp-content\/uploads\/KARLBODMER.jpg 201w\" sizes=\"auto, (max-width: 199px) 100vw, 199px\" \/><\/a><p id=\"caption-attachment-1145\" class=\"wp-caption-text\">KARL BODMER<\/p><\/div>\n<p>Peintre paysagiste et animalier, collaborateur du Monde Illustr\u00e9, il fit la connaissance en 1832 du prince Maximilian de Wied, naturaliste et ethnologue avec lequel il participa \u00e0 une exp\u00e9dition en Am\u00e9rique (1832-1834). Il en rapporta quantit\u00e9s de dessins et aquarelles : portraits, habitats, tombeaux, ustensiles d&rsquo;Indiens de diverses tribus, paysages et animaux. Si vous vous int\u00e9ressez aux Indiens, vous tomberez sans aucun doute sur une de ces \u0153uvres. Il est tr\u00e8s connu Outre-Atlantique.<\/p>\n<p>Vers les ann\u00e9es 1850, Karl Bodmer\u00a0 s&rsquo;installa avec Th\u00e9odore Rousseau et Jean-Fran\u00e7ois Millet \u00e0 Barbizon. Il\u00a0 exposa r\u00e9guli\u00e8rement au Salon de Paris : paysages sylvestres et sc\u00e8nes animali\u00e8res. Ses sujets pr\u00e9f\u00e9r\u00e9s : les chevreuils, les biches, les cerfs\u2026 Ses \u0153uvres les plus connues : int\u00e9rieur de for\u00eat, Un Etang, la for\u00eat fin d\u2019automne, Bande de sangliers.<\/p>\n<p>En 1877, il fut nomm\u00e9 chevalier de la L\u00e9gion d&rsquo;honneur.<\/p>\n<p>Le matin. Cerfs et biches. 1858<\/p>\n<div id=\"attachment_1143\" style=\"width: 300px\" class=\"wp-caption aligncenter\"><a href=\"https:\/\/www.mairie-chailly-en-biere.fr\/?attachment_id=1143\" rel=\"attachment wp-att-1143\"><img loading=\"lazy\" decoding=\"async\" aria-describedby=\"caption-attachment-1143\" src=\"https:\/\/www.mairie-chailly-en-biere.fr\/wp-content\/uploads\/KARLBODMER1-300x205.jpg\" alt=\"KARL BODMER\" title=\"KARL BODMER\" width=\"300\" height=\"205\" class=\"size-medium wp-image-1143\" srcset=\"https:\/\/www.mairie-chailly-en-biere.fr\/wp-content\/uploads\/KARLBODMER1-300x205.jpg 300w, https:\/\/www.mairie-chailly-en-biere.fr\/wp-content\/uploads\/KARLBODMER1.jpg 400w\" sizes=\"auto, (max-width: 300px) 100vw, 300px\" \/><\/a><p id=\"caption-attachment-1143\" class=\"wp-caption-text\">KARL BODMER<\/p><\/div>\n","protected":false},"excerpt":{"rendered":"<p>Jean Charles BODMER est n\u00e9 le 15 f\u00e9vrier 1809 \u00e0 Eplingen-Egg (Suisse). Le 7 octobre 1876, il \u00e9pouse \u00e0 Chailly-en-Bi\u00e8re Anne Marie Madeleine PFEIFFER avec laquelle il aura plusieurs enfants (Karl Henri, Fr\u00e9d\u00e9ric Rodolphe et Henri Adolphe). Il meurt \u00e0 l\u2019\u00e2ge de 85 ans le 30 octobre 1893 \u00e0 Paris et sera inhum\u00e9 dans le &hellip; <\/p>\n<p><a class=\"more-link btn\" href=\"https:\/\/www.mairie-chailly-en-biere.fr\/?page_id=162\">Lire la suite<\/a><\/p>\n","protected":false},"author":2,"featured_media":0,"parent":1069,"menu_order":1,"comment_status":"closed","ping_status":"closed","template":"","meta":{"footnotes":""},"class_list":["post-162","page","type-page","status-publish","hentry","nodate","item-wrap"],"_links":{"self":[{"href":"https:\/\/www.mairie-chailly-en-biere.fr\/index.php?rest_route=\/wp\/v2\/pages\/162","targetHints":{"allow":["GET"]}}],"collection":[{"href":"https:\/\/www.mairie-chailly-en-biere.fr\/index.php?rest_route=\/wp\/v2\/pages"}],"about":[{"href":"https:\/\/www.mairie-chailly-en-biere.fr\/index.php?rest_route=\/wp\/v2\/types\/page"}],"author":[{"embeddable":true,"href":"https:\/\/www.mairie-chailly-en-biere.fr\/index.php?rest_route=\/wp\/v2\/users\/2"}],"replies":[{"embeddable":true,"href":"https:\/\/www.mairie-chailly-en-biere.fr\/index.php?rest_route=%2Fwp%2Fv2%2Fcomments&post=162"}],"version-history":[{"count":17,"href":"https:\/\/www.mairie-chailly-en-biere.fr\/index.php?rest_route=\/wp\/v2\/pages\/162\/revisions"}],"predecessor-version":[{"id":1148,"href":"https:\/\/www.mairie-chailly-en-biere.fr\/index.php?rest_route=\/wp\/v2\/pages\/162\/revisions\/1148"}],"up":[{"embeddable":true,"href":"https:\/\/www.mairie-chailly-en-biere.fr\/index.php?rest_route=\/wp\/v2\/pages\/1069"}],"wp:attachment":[{"href":"https:\/\/www.mairie-chailly-en-biere.fr\/index.php?rest_route=%2Fwp%2Fv2%2Fmedia&parent=162"}],"curies":[{"name":"wp","href":"https:\/\/api.w.org\/{rel}","templated":true}]}}