{"id":149,"date":"2010-12-17T06:37:46","date_gmt":"2010-12-17T06:37:46","guid":{"rendered":"https:\/\/www.mairie-chailly-en-biere.fr\/?page_id=149"},"modified":"2019-09-09T14:23:09","modified_gmt":"2019-09-09T14:23:09","slug":"manoir-des-roches","status":"publish","type":"page","link":"https:\/\/www.mairie-chailly-en-biere.fr\/?page_id=149","title":{"rendered":"Manoir des Roches"},"content":{"rendered":"<div id=\"attachment_1683\" style=\"width: 400px\" class=\"wp-caption aligncenter\"><a href=\"https:\/\/www.mairie-chailly-en-biere.fr\/wp-content\/uploads\/lesroches1.jpg\"><img loading=\"lazy\" decoding=\"async\" aria-describedby=\"caption-attachment-1683\" class=\"size-full wp-image-1683\" src=\"https:\/\/www.mairie-chailly-en-biere.fr\/wp-content\/uploads\/lesroches1.jpg\" alt=\"Les Roches\" width=\"400\" height=\"257\" srcset=\"https:\/\/www.mairie-chailly-en-biere.fr\/wp-content\/uploads\/lesroches1.jpg 400w, https:\/\/www.mairie-chailly-en-biere.fr\/wp-content\/uploads\/lesroches1-300x192.jpg 300w\" sizes=\"auto, (max-width: 400px) 100vw, 400px\" \/><\/a><p id=\"caption-attachment-1683\" class=\"wp-caption-text\">Les Roches<\/p><\/div>\n<p style=\"text-align: justify;\">Quel est le chaillotin qui ne conna\u00eet pas LES ROCHES ?<\/p>\n<p style=\"text-align: justify;\">Pour ceux qui n\u00e9anmoins ne connaissent pas, il s\u2019agit de la grande maison qui se trouve \u00e0 gauche \u00e0 la sortie de Chailly sur le CD 64 en direction de Melun.<\/p>\n<p style=\"text-align: justify;\">Son style normand lui vient de son premier propri\u00e9taire, un notaire parisien. Ce dernier, amoureux de la Normandie et para\u00eet-il du Casino de Deauville o\u00f9 il y aurait, une fois n\u2019est pas coutume, gagn\u00e9 beaucoup d\u2019argent, a fait l\u2019acquisition en 1910 du Domaine des Roches, propri\u00e9t\u00e9 d\u2019une superficie de 10 hectares et o\u00f9 n\u2019existait \u00e0 l\u2019\u00e9poque que le pavillon dit de la Garenne dont la construction remonterait \u00e0 1830.<\/p>\n<p style=\"text-align: justify;\">La construction du Manoir, entreprise en 1910, dut \u00eatre interrompu durant la Grande Guerre de 14\/18 pour \u00eatre termin\u00e9e en 1919.<\/p>\n<p style=\"text-align: justify;\">Entre les deux guerres on menait \u00ab grand train \u00bb au Manoir puisque pas moins de 17 personnes s\u2019y trouvaient employ\u00e9es.<\/p>\n<p style=\"text-align: justify;\">A la suite du d\u00e9c\u00e8s de son propri\u00e9taire durant la guerre de 39\/45, le domaine fut vendu en 1946 et achet\u00e9 par la SNECMA. Cette soci\u00e9t\u00e9 nationalis\u00e9e, sp\u00e9cialis\u00e9e dans l\u2019\u00e9tude et la construction de moteurs d\u2019avions, l\u2019avait acquise pour la transformer en colonie de vacances pour les enfants de ses salari\u00e9s. Puis, en 1974, sous l\u2019\u00e9gide de l\u2019Assistance Publique, c\u2019est le Comit\u00e9 d\u2019entreprise de la SNECMA qui g\u00e9ra cet \u00e9tablissement devenu une Maison de repos. Le Directeur de l\u2019\u00e9poque\u00a0 \u00ab Monsieur Jamet \u2013 Fondateur de l\u2019Association \u00ab FRATERNITE MEDICO-SOCIALE DU TRAVAIL \u00bb aid\u00e9 de quelques amis, avait donc, en 1988, acquis les murs puis (par l\u2019interm\u00e9diaire de cette association cr\u00e9\u00e9e avec son \u00e9pouse) sign\u00e9 une convention avec l\u2019Assistance Publique pour transformer cet \u00e9tablissement en maison de repos classique.<\/p>\n<p style=\"text-align: justify;\">Vendu en 2007, le manoir devient la propri\u00e9t\u00e9 priv\u00e9e de M. et Mme TICHOUX. D\u2019importants travaux de restauration et d\u2019am\u00e9nagement int\u00e9rieur ont \u00e9t\u00e9 engag\u00e9s afin de lui redonner son lustre d\u2019antan et mettre en valeur le hall d\u2019entr\u00e9e, son escalier monumental et les boiseries et trumeaux de la grande salle de r\u00e9ception. Depuis juin, il accueille des r\u00e9ceptions pour mariages, bapt\u00eames, communions, s\u00e9minaires d\u2019entreprise avec possibilit\u00e9 d\u2019h\u00e9bergement.<\/p>\n<p>Fin 2018, le Manoir des Roches change de propri\u00e9taire mais continue son activit\u00e9&#8230;<\/p>\n<p><a href=\"https:\/\/www.manoirdesroches.com\">https:\/\/www.manoirdesroches.com<\/a><\/p>\n<p>\u2026<\/p>\n<p>J.F.C.<\/p>\n<p>B.M. n\u00b0 28 \u2013 Septembre 1991<\/p>\n<p>(modifi\u00e9)<\/p>\n","protected":false},"excerpt":{"rendered":"<p>Quel est le chaillotin qui ne conna\u00eet pas LES ROCHES ? Pour ceux qui n\u00e9anmoins ne connaissent pas, il s\u2019agit de la grande maison qui se trouve \u00e0 gauche \u00e0 la sortie de Chailly sur le CD 64 en direction de Melun. Son style normand lui vient de son premier propri\u00e9taire, un notaire parisien. Ce &hellip; <\/p>\n<p><a class=\"more-link btn\" href=\"https:\/\/www.mairie-chailly-en-biere.fr\/?page_id=149\">Lire la suite<\/a><\/p>\n","protected":false},"author":2,"featured_media":0,"parent":96,"menu_order":5,"comment_status":"closed","ping_status":"closed","template":"","meta":{"footnotes":""},"class_list":["post-149","page","type-page","status-publish","hentry","nodate","item-wrap"],"_links":{"self":[{"href":"https:\/\/www.mairie-chailly-en-biere.fr\/index.php?rest_route=\/wp\/v2\/pages\/149","targetHints":{"allow":["GET"]}}],"collection":[{"href":"https:\/\/www.mairie-chailly-en-biere.fr\/index.php?rest_route=\/wp\/v2\/pages"}],"about":[{"href":"https:\/\/www.mairie-chailly-en-biere.fr\/index.php?rest_route=\/wp\/v2\/types\/page"}],"author":[{"embeddable":true,"href":"https:\/\/www.mairie-chailly-en-biere.fr\/index.php?rest_route=\/wp\/v2\/users\/2"}],"replies":[{"embeddable":true,"href":"https:\/\/www.mairie-chailly-en-biere.fr\/index.php?rest_route=%2Fwp%2Fv2%2Fcomments&post=149"}],"version-history":[{"count":11,"href":"https:\/\/www.mairie-chailly-en-biere.fr\/index.php?rest_route=\/wp\/v2\/pages\/149\/revisions"}],"predecessor-version":[{"id":12589,"href":"https:\/\/www.mairie-chailly-en-biere.fr\/index.php?rest_route=\/wp\/v2\/pages\/149\/revisions\/12589"}],"up":[{"embeddable":true,"href":"https:\/\/www.mairie-chailly-en-biere.fr\/index.php?rest_route=\/wp\/v2\/pages\/96"}],"wp:attachment":[{"href":"https:\/\/www.mairie-chailly-en-biere.fr\/index.php?rest_route=%2Fwp%2Fv2%2Fmedia&parent=149"}],"curies":[{"name":"wp","href":"https:\/\/api.w.org\/{rel}","templated":true}]}}