{"id":147,"date":"2010-12-17T06:36:50","date_gmt":"2010-12-17T06:36:50","guid":{"rendered":"https:\/\/www.mairie-chailly-en-biere.fr\/?page_id=147"},"modified":"2011-03-09T09:27:42","modified_gmt":"2011-03-09T09:27:42","slug":"les-sapeurs-pompiers","status":"publish","type":"page","link":"https:\/\/www.mairie-chailly-en-biere.fr\/?page_id=147","title":{"rendered":"Les sapeurs pompiers"},"content":{"rendered":"<div id=\"attachment_929\" style=\"width: 150px\" class=\"wp-caption alignleft\"><a href=\"https:\/\/www.mairie-chailly-en-biere.fr\/?attachment_id=929\" rel=\"attachment wp-att-929\"><img loading=\"lazy\" decoding=\"async\" aria-describedby=\"caption-attachment-929\" src=\"https:\/\/www.mairie-chailly-en-biere.fr\/wp-content\/uploads\/pompiers-150x150.jpg\" alt=\"Les pompiers de Chailly\" title=\"Les pompiers de Chailly\" width=\"150\" height=\"150\" class=\"size-thumbnail wp-image-929\" \/><\/a><p id=\"caption-attachment-929\" class=\"wp-caption-text\">Les pompiers de Chailly<\/p><\/div>\n<p>Un corps de sapeurs pompiers fut cr\u00e9\u00e9 \u00e0 Chailly le 9 mars 1848. Le 16 mars de la m\u00eame ann\u00e9e un conseil de recensement pr\u00e9sid\u00e9 par Monsieur Caille \u2013 Maire \u2013 assist\u00e9 de Messieurs Leroy et Deshayes, rassembla 33 hommes forts, choisis parmi les gardes nationaux chaillotins, dont le service fut dissous en 1852. Le m\u00eame jour eut lieu l\u2019\u00e9lection des officiers par le conseil municipal.<\/p>\n<p>&#8211; M. Dupont, lieutenant<\/p>\n<p>&#8211; M. Valette Auguste, sous-lieutenant<\/p>\n<p>&#8211; M. Valette Joseph, sergent<\/p>\n<p>Quatre caporaux : MM. Roumy Alphonse, Caron Pierre Antoine, Fouch\u00e9 Antoine,\u00a0 Guillemain Joseph<\/p>\n<p>&#8211; M. Poulain, tambour<\/p>\n<p>&#8211; M. Branchet Pierre, Clairon<\/p>\n<p>L\u2019engagement \u00e9tait pris pour 5 ans, l\u2019uniforme et l\u2019armement fourni par la commune : 79 F par homme au prix de 1848.<\/p>\n<p>En 1861, le conseil municipal, autour de Monsieur BELLON, Maire, r\u00e9organise le service des pompiers ; le groupe ne devra pas d\u00e9passer 30 hommes, il recevra une subvention de 700 F par an et une somme de 20 F par prestation de service \u00e0 chaque homme en cas de sortie.<\/p>\n<p>Le nombre des sapeurs \u00e0 travers les ann\u00e9es sera toujours en r\u00e9gression. Apr\u00e8s la guerre 1914\/1918 \u2013 par d\u00e9cision pr\u00e9fectorale \u2013 le nombre ne d\u00e9passera pas 16.<\/p>\n<p>A la suite de la 2e guerre, il n\u2019en restera que 9 en 1955.<\/p>\n<p>Parlons du mat\u00e9riel : en 1848, les pompiers disposaient pour l\u2019\u00e9poque d\u2019un \u00e9quipement moderne. Une pompe \u00e0 bras actionn\u00e9e par quatre hommes, 16 m\u00e8tres de boyaux clou\u00e9s (tuyaux), une lance, une b\u00e2che d\u2019incendie, 50 seaux de 12 litres, un cordage, deux tamis, deux leviers. Le total pour la somme de 1449,50 F pay\u00e9e \u00e0 la Soci\u00e9t\u00e9 Flaud et Bonnefin \u2013 11 avenue Matignon \u00e0 Paris.<\/p>\n<p>En 1913, une d\u00e9rouleuse avec 50 m\u00e8tres de tuyaux est achet\u00e9e pour 800 F de l\u2019\u00e9poque.<\/p>\n<p>En 1934, la commune fait construire sur la place de la Mairie une charpente de man\u0153uvre au prix de 2 800 F, elle servait \u00e0 l\u2019entra\u00eenement des pompiers ainsi qu\u2019au s\u00e9chage des tuyaux. Elle subsistera jusqu\u2019en 1975.<\/p>\n<p>Le groupe se dote en 1939 d\u2019une motopompe Guinard d\u2019un d\u00e9bit de 45 m3 sous 10 kilos de pression, compl\u00e9t\u00e9e de plusieurs centaines de m\u00e8tres de tuyaux pour la somme de 22 000 F dont 7 000 F subventionn\u00e9s par le Minist\u00e8re de l\u2019Int\u00e9rieur.<\/p>\n<p>Tout ce mat\u00e9riel \u00e9tait entrepos\u00e9 dans un local situ\u00e9 route de Paris \u00e0 c\u00f4t\u00e9 de l\u2019\u00e9cole aujourd\u2019hui transform\u00e9 en garage.<\/p>\n<p>A la dissolution du corps des sapeurs-pompiers, l\u2019\u00e9quipement fut ventil\u00e9 dans plusieurs casernes du canton. J\u2019ai retrouv\u00e9 au Mus\u00e9e des pompiers de Fontainebleau\u2026 la pompe \u00e0 bras de 1847\u2026 ainsi que la d\u00e9rouleuse de 1913. Elles y sont bien conserv\u00e9es.<\/p>\n<p>J.P. LEFLOCH<\/p>\n<p>B.M. n\u00b0 40 \u2013 d\u00e9cembre 1995<\/p>\n<p>Au feu les pompiers ! c\u2019est l\u2019alerte \u00e0 Chailly\u2026 le glas sonne au clocher du village. Les pompiers se pr\u00e9cipitent vers le poste de secours \u00e0 c\u00f4t\u00e9 de l\u2019\u00e9cole sur la route nationale 7 (transform\u00e9 aujourd\u2019hui en garage) \u00e0 cheval, \u00e0 bicyclette ou au pas de course.<\/p>\n<p>Les chaillotins s\u2019interrogent ? \u2026 o\u00f9 est-ce ? qu\u2019est-ce que c\u2019est ?\u2026 un accident\u2026 le feu\u2026 chez qui ?\u2026 Ils suivent de loin l\u2019\u00e9volution des sapeurs en alerte. Combien y en-a-t-il de ces sorties urgentes ou moins spectaculaires ? En voici quelques-unes glan\u00e9es dans les archives locales :<\/p>\n<p>1848 :\u00a0\u00a0 incendie du ch\u00e2teau de Chailly et sa destruction (\u00e9difice donnant sur la rue des tilleuls et la route nationale 7),<\/p>\n<p>ao\u00fbt 1858 : renforts contre un incendie en for\u00eat de Fontainebleau aux c\u00f4t\u00e9s du r\u00e9giment des Chasseurs de la Garde : 12 hectares d\u00e9vast\u00e9s,<\/p>\n<p>5 juin 1870 : avec les Chasseurs de la Garde, intervention contre un incendie aux Gorges d\u2019Apremont : 13 hectares d\u00e9vast\u00e9s,<\/p>\n<p>15 ao\u00fbt 1905 : incendie sur le c\u00f4t\u00e9 droit du Tacot \u00e0 l\u2019entr\u00e9e du village venant de Melun (deux voitures voyageurs d\u00e9truites sans victime),<\/p>\n<p>28 juin 1928 : feu \u00e0 la boucherie G\u00e9rard \u2013 route de Paris (la Vieille Grille),<\/p>\n<p>14 juin 1931 : incendie d\u2019une automobile rue de Melun,<\/p>\n<p>10 ao\u00fbt 1937 : sinistre chez Monsieur Beauvallet \u2013 route de Melun, la maison est d\u00e9truite,<\/p>\n<p>Hiver 1910 : les inondations font d\u00e9border la citerne rue de Melun, le passage du Tacot dans la travers\u00e9e du village sera perturb\u00e9 pendant 10 jours,<\/p>\n<p>19 f\u00e9vrier 1940 : d\u00e9bordement de la citerne rue de la fromagerie. Les citernes caus\u00e8rent beaucoup de soucis aux pompiers,<\/p>\n<p>31 d\u00e9cembre 1955 : feu chez Monsieur Legueux d\u00fb \u00e0 une bouteille de gaz, la charpente est d\u00e9truite.<\/p>\n<p>25 mai 1904 : un accident plein d\u2019odeurs : un tombereau tir\u00e9 par trois chevaux charg\u00e9 de 700 kilos de fumier se renverse sur la voie publique entre Barbizon et Chailly (rupture de l\u2019axe de la roue).<\/p>\n<p>Le feu se d\u00e9clarait \u00e9galement souvent dans les meules de paille ou de foin sous l\u2019effet du soleil (selon Monsieur Henri Paillard).<\/p>\n<p>Les pompiers chaillotins participaient aux revues des troupes \u00e0 Melun. Ils effectuaient des man\u0153uvres le 1er dimanche de chaque mois \u00e0 Chailly. Ils organisaient le bal de Sainte Catherine, de la Sainte Barbe (leur patronne) et du 14 juillet. Ils encadraient de leur pr\u00e9sence toutes les c\u00e9r\u00e9monies tant civiles que religieuses (bapt\u00eame de la cloche de l\u2019Ang\u00e9lus).<\/p>\n<p>Leur d\u00e9vouement \u00e0 la population leur valut de nombreuses distinctions : remise de la m\u00e9daille d\u2019honneur des sapeurs pompiers \u00e0 bon nombre d\u2019entre eux. La nomination au grade de Lieutenant le 29 novembre 1948 de Raymond Suir et le d\u00e9vouement exemplaire durant les secours de Ferdinand Brossard, mar\u00e9chal ferrant de son \u00e9tat, lui valut la promotion au grade de Caporal.<\/p>\n<p>Les ann\u00e9es d\u2019apr\u00e8s-guerre occasionnent une r\u00e9duction de la disponibilit\u00e9, une diminution de la solidarit\u00e9, un effritement du b\u00e9n\u00e9volat et de l\u2019entraide. Le corps des sapeurs pompiers chaillotin s\u2019\u00e9tiole faute de volontaires.<\/p>\n<p>Apr\u00e8s le d\u00e9part du Lieutenant Suir et du Sergent Hutteau le 1er janvier 1967, les pompiers rest\u00e8rent au nombre de huit fid\u00e8les au service, il s\u2019agissait de Louis To\u00efgo, Emile P\u00e9guy, Alfred Legave, Pierre Lesage, Daniel Rochet, Alexandre Bigot, Ernest Laroche.<\/p>\n<p>Le Pr\u00e9fet leur reprocha de ne plus assister aux revues \u00e0 Melun. Apr\u00e8s la d\u00e9mission du Caporal To\u00efgo, due \u00e0 ce reproche, la d\u00e9cision pr\u00e9fectorale du 1er mai 1971 dissout le corps des sapeurs-pompiers de Chailly avec transfert \u00e0 Dammarie-L\u00e8s-Lys.<\/p>\n<p>Les ann\u00e9es passent, les esprits changent, la motivation s\u2019affirme, les chaillotins se d\u00e9vouent \u00e0 nouveau. Les jeunes reprennent la lance abandonn\u00e9e par leurs parents. Ils sont au nombre de quatre aujourd\u2019hui, \u00e0 compl\u00e9ter le groupe de sapeurs-pompiers de Barbizon command\u00e9 par le Sergent Francis Augier. Il manifeste \u00e0 la fois des qualit\u00e9s de chef et de p\u00e9dagogue et les formes au r\u00f4le qu\u2019ils auront \u00e0 tenir dans notre soci\u00e9t\u00e9 moderne en leur qualit\u00e9 de pompiers. Voici nos jeunes chaillotins : R\u00e9mi Bl\u00e9ry, Beno\u00eet Boscariol, St\u00e9phane Delrue, Romain Guilbert.<\/p>\n<p>J.P. LEFLOCH<\/p>\n<p>B.M. n\u00b0 41 \u2013 Avril 1996<\/p>\n","protected":false},"excerpt":{"rendered":"<p>Un corps de sapeurs pompiers fut cr\u00e9\u00e9 \u00e0 Chailly le 9 mars 1848. Le 16 mars de la m\u00eame ann\u00e9e un conseil de recensement pr\u00e9sid\u00e9 par Monsieur Caille \u2013 Maire \u2013 assist\u00e9 de Messieurs Leroy et Deshayes, rassembla 33 hommes forts, choisis parmi les gardes nationaux chaillotins, dont le service fut dissous en 1852. Le &hellip; <\/p>\n<p><a class=\"more-link btn\" href=\"https:\/\/www.mairie-chailly-en-biere.fr\/?page_id=147\">Lire la suite<\/a><\/p>\n","protected":false},"author":2,"featured_media":0,"parent":124,"menu_order":9,"comment_status":"closed","ping_status":"closed","template":"","meta":{"footnotes":""},"class_list":["post-147","page","type-page","status-publish","hentry","nodate","item-wrap"],"_links":{"self":[{"href":"https:\/\/www.mairie-chailly-en-biere.fr\/index.php?rest_route=\/wp\/v2\/pages\/147","targetHints":{"allow":["GET"]}}],"collection":[{"href":"https:\/\/www.mairie-chailly-en-biere.fr\/index.php?rest_route=\/wp\/v2\/pages"}],"about":[{"href":"https:\/\/www.mairie-chailly-en-biere.fr\/index.php?rest_route=\/wp\/v2\/types\/page"}],"author":[{"embeddable":true,"href":"https:\/\/www.mairie-chailly-en-biere.fr\/index.php?rest_route=\/wp\/v2\/users\/2"}],"replies":[{"embeddable":true,"href":"https:\/\/www.mairie-chailly-en-biere.fr\/index.php?rest_route=%2Fwp%2Fv2%2Fcomments&post=147"}],"version-history":[{"count":8,"href":"https:\/\/www.mairie-chailly-en-biere.fr\/index.php?rest_route=\/wp\/v2\/pages\/147\/revisions"}],"predecessor-version":[{"id":1274,"href":"https:\/\/www.mairie-chailly-en-biere.fr\/index.php?rest_route=\/wp\/v2\/pages\/147\/revisions\/1274"}],"up":[{"embeddable":true,"href":"https:\/\/www.mairie-chailly-en-biere.fr\/index.php?rest_route=\/wp\/v2\/pages\/124"}],"wp:attachment":[{"href":"https:\/\/www.mairie-chailly-en-biere.fr\/index.php?rest_route=%2Fwp%2Fv2%2Fmedia&parent=147"}],"curies":[{"name":"wp","href":"https:\/\/api.w.org\/{rel}","templated":true}]}}