{"id":1404,"date":"2011-03-09T13:38:02","date_gmt":"2011-03-09T13:38:02","guid":{"rendered":"https:\/\/www.mairie-chailly-en-biere.fr\/?page_id=1404"},"modified":"2015-04-10T12:48:02","modified_gmt":"2015-04-10T12:48:02","slug":"les-allies-liberent-chailly","status":"publish","type":"page","link":"https:\/\/www.mairie-chailly-en-biere.fr\/?page_id=1404","title":{"rendered":"Les alli\u00e9s lib\u00e8rent Chailly"},"content":{"rendered":"<p style=\"text-align: justify;\">\u00ab Un gamin de l\u2019\u00e9poque nous l\u2019a relat\u00e9 il y a quelques ann\u00e9es dans ces termes\u2026 \u00bb.<\/p>\n<p style=\"text-align: justify;\">\u00ab Ils sont arriv\u00e9s par Perthes, une colonne de chars s\u2019\u00e9coulait par le \u00ab Carrefour de la Mort \u00bb et plus tard des pi\u00e8ces d\u2019artillerie lourde remont\u00e8rent par la rue des tilleuls o\u00f9 elles eurent bien du mal \u00e0 tourner \u00e0 l\u2019angle du Lion d\u2019Or pour s\u2019engager sur la nationale. Les gamins que nous \u00e9tions, observaient, \u00e9merveill\u00e9s, ces g\u00e9ants casqu\u00e9s, couverts de poussi\u00e8res, juch\u00e9s sur leurs monstres d\u2019acier frapp\u00e9s d\u2019une \u00e9toile.<\/p>\n<p style=\"text-align: justify;\">Surprise, chez les \u00ab tankistes \u00bb, c\u2019\u00e9tait surtout des hommes de couleur noire !<\/p>\n<p style=\"text-align: justify;\">Tandis que la colonne de chars progressait vers Dammarie-l\u00e8s-Lys, les pi\u00e8ces d\u2019artillerie se mettaient en place dans la plaine du Fa\u00ff de part et d\u2019autre du hameau : dans les Pommeraies et entre la for\u00eat et la rue de Brolles.<\/p>\n<p style=\"text-align: justify;\">Deux petits avions \u00ab Piper Cub \u00bb dirig\u00e8rent les tirs et vinrent m\u00eame se poser dans le grand friche sur la route en face du domaine des Roches.<\/p>\n<p style=\"text-align: justify;\">Les canons tiraient en direction de Melun.<\/p>\n<p style=\"text-align: justify;\">Petit \u00e0 petit on s\u2019est rapproch\u00e9 des canons, un air d\u2019efficace d\u00e9contraction r\u00e9gnait autour des batteries et puis, dans leurs gamelles, ils m\u00e9langeaient le sucr\u00e9 et le sal\u00e9 !<\/p>\n<p style=\"text-align: justify;\">J\u2019avais d\u00e9couvert mon Am\u00e9rique \u00e0 Moi.<\/p>\n<p style=\"text-align: justify;\">C\u2019\u00e9tait au mois d\u2019ao\u00fbt, nos potagers regorgeaient de tomates, des raids furent organis\u00e9s sur les poulaillers familiaux et faute de pouvoir apporter \u00ab nos grandes s\u0153urs \u00bb aux GI\u2019s on troquait nos tomates et nos \u0153ufs contre leurs conserves dont ils \u00e9taient d\u00e9go\u00fbt\u00e9s et ce fameux chewing gum que nous d\u00e9couvrions\u2026 \u00bb<\/p>\n<p style=\"text-align: right;\">B.M n\u00b0 49 Juin 1999<\/p>\n","protected":false},"excerpt":{"rendered":"<p>\u00ab Un gamin de l\u2019\u00e9poque nous l\u2019a relat\u00e9 il y a quelques ann\u00e9es dans ces termes\u2026 \u00bb. \u00ab Ils sont arriv\u00e9s par Perthes, une colonne de chars s\u2019\u00e9coulait par le \u00ab Carrefour de la Mort \u00bb et plus tard des pi\u00e8ces d\u2019artillerie lourde remont\u00e8rent par la rue des tilleuls o\u00f9 elles eurent bien du mal &hellip; <\/p>\n<p><a class=\"more-link btn\" href=\"https:\/\/www.mairie-chailly-en-biere.fr\/?page_id=1404\">Lire la suite<\/a><\/p>\n","protected":false},"author":2,"featured_media":0,"parent":1670,"menu_order":4,"comment_status":"closed","ping_status":"closed","template":"","meta":{"footnotes":""},"class_list":["post-1404","page","type-page","status-publish","hentry","nodate","item-wrap"],"_links":{"self":[{"href":"https:\/\/www.mairie-chailly-en-biere.fr\/index.php?rest_route=\/wp\/v2\/pages\/1404","targetHints":{"allow":["GET"]}}],"collection":[{"href":"https:\/\/www.mairie-chailly-en-biere.fr\/index.php?rest_route=\/wp\/v2\/pages"}],"about":[{"href":"https:\/\/www.mairie-chailly-en-biere.fr\/index.php?rest_route=\/wp\/v2\/types\/page"}],"author":[{"embeddable":true,"href":"https:\/\/www.mairie-chailly-en-biere.fr\/index.php?rest_route=\/wp\/v2\/users\/2"}],"replies":[{"embeddable":true,"href":"https:\/\/www.mairie-chailly-en-biere.fr\/index.php?rest_route=%2Fwp%2Fv2%2Fcomments&post=1404"}],"version-history":[{"count":3,"href":"https:\/\/www.mairie-chailly-en-biere.fr\/index.php?rest_route=\/wp\/v2\/pages\/1404\/revisions"}],"predecessor-version":[{"id":7214,"href":"https:\/\/www.mairie-chailly-en-biere.fr\/index.php?rest_route=\/wp\/v2\/pages\/1404\/revisions\/7214"}],"up":[{"embeddable":true,"href":"https:\/\/www.mairie-chailly-en-biere.fr\/index.php?rest_route=\/wp\/v2\/pages\/1670"}],"wp:attachment":[{"href":"https:\/\/www.mairie-chailly-en-biere.fr\/index.php?rest_route=%2Fwp%2Fv2%2Fmedia&parent=1404"}],"curies":[{"name":"wp","href":"https:\/\/api.w.org\/{rel}","templated":true}]}}