{"id":1400,"date":"2011-03-09T13:34:28","date_gmt":"2011-03-09T13:34:28","guid":{"rendered":"https:\/\/www.mairie-chailly-en-biere.fr\/?page_id=1400"},"modified":"2017-04-07T11:41:55","modified_gmt":"2017-04-07T11:41:55","slug":"jean-baptiste-corot","status":"publish","type":"page","link":"https:\/\/www.mairie-chailly-en-biere.fr\/?page_id=1400","title":{"rendered":"Jean Baptiste Corot"},"content":{"rendered":"<div id=\"attachment_1529\" style=\"width: 150px\" class=\"wp-caption alignleft\"><a href=\"https:\/\/www.mairie-chailly-en-biere.fr\/?attachment_id=1529\" rel=\"attachment wp-att-1529\"><img loading=\"lazy\" decoding=\"async\" aria-describedby=\"caption-attachment-1529\" class=\"size-full wp-image-1529\" title=\"Jean-Baptiste COROT\" src=\"https:\/\/www.mairie-chailly-en-biere.fr\/wp-content\/uploads\/Jean-Baptiste-COROT.jpg\" alt=\"Jean-Baptiste COROT\" width=\"150\" height=\"217\" \/><\/a><p id=\"caption-attachment-1529\" class=\"wp-caption-text\">Jean-Baptiste COROT<\/p><\/div>\n<p>Et si nous faisions un peu mieux connaissance avec le Peintre Jean-Baptiste Corot<\/p>\n<p>Chaque ville, chaque village a son histoire et ses particularit\u00e9s. Dammarie et ses grandes demeures Ch\u00e2teau Gaillard, de Bellombre, de Farcy, des Vives-Eaux, La Croix Saint Jacques\u2026 Fleury et C\u00e9ly leur ch\u00e2teau, Saint Germain, Saint Sauveur, leur fra\u00eeche rivi\u00e8re l\u2019Ecole qui file dans les villages avoisinants tout en faisant une jolie chute d\u2019eau dans le domaine du Petit Moulin\u2026 et Chailly ?<\/p>\n<p>Chailly a ses peintres, nous en avons souvent parl\u00e9. Th\u00e9odore Rousseau et surtout Jean-Fran\u00e7ois Millet ont su faire conna\u00eetre Chailly dans le monde entier, c\u2019est vrai que, depuis, Barbizon a pris un peu la vedette\u2026 mais ces hommes illustres reposent \u00e0 Chailly puisque ce n\u2019est qu\u2019au d\u00e9but du si\u00e8cle \u2013 en 1903 \u2013 que Barbizon devint une commune \u00e0 part enti\u00e8re, alors que ce n\u2019\u00e9tait pr\u00e9c\u00e9demment qu\u2019un hameau.<\/p>\n<p>Ces peintres ont eu des pr\u00e9curseurs que la for\u00eat de Fontainebleau attiraient : parmi eux Chailly peut s\u2019enorgueillir d\u2019avoir h\u00e9berg\u00e9 Jean-Baptiste Corot (1796-1875).<\/p>\n<p>C\u2019est \u00e0 partir de 1822 que Corot s\u00e9journe tr\u00e8s r\u00e9guli\u00e8rement dans notre village. Il a d\u00e9j\u00e0 travaill\u00e9 \u00e0 Ville d\u2019Avray, Chaville, Saint Cloud, ainsi que vers la Marne, dans l\u2019Oise, mais les paysages profond\u00e9ment naturels et sauvages et la beaut\u00e9 du site le comblent, l\u2019enchantent.<\/p>\n<div id=\"attachment_1530\" style=\"width: 200px\" class=\"wp-caption alignright\"><a href=\"https:\/\/www.mairie-chailly-en-biere.fr\/?attachment_id=1530\" rel=\"attachment wp-att-1530\"><img loading=\"lazy\" decoding=\"async\" aria-describedby=\"caption-attachment-1530\" class=\"size-full wp-image-1530\" title=\"For\u00eat de Fontainebleau par J.B. Corot\" src=\"https:\/\/www.mairie-chailly-en-biere.fr\/wp-content\/uploads\/COROT-FORET-DE-FONTAINEBLEA.jpg\" alt=\"For\u00eat de Fontainebleau par J.B. Corot\" width=\"200\" height=\"138\" \/><\/a><p id=\"caption-attachment-1530\" class=\"wp-caption-text\">For\u00eat de Fontainebleau par J.B. Corot<\/p><\/div>\n<p>Corot n\u2019est pas le seul \u00e0 aimer notre for\u00eat, nombre de peintres viennent \u00e0 Chailly, Barbizon et \u00e9galement Marlotte, tous ces villages sont en bordure de la for\u00eat de Fontainebleau ; les ch\u00eanes et h\u00eatres s\u00e9culaires, les gr\u00e8s, clairi\u00e8res, sous-bois, plaines alentours, ainsi que les quelques rayons de soleil qui fusent entre les branches leur permettent de trouver la pointe de clair-obscur qui manque \u00e0 la toile\u2026 ces paysages sont pour eux la manne qu\u2019ils recherchent tant.<\/p>\n<p>Ils se connaissent presque tous, se rendent visite, fr\u00e9quentent les m\u00eames auberges : \u00e0 Chailly, l\u2019auberge du Cheval Blanc et l\u2019auberge du Lion d\u2019Or, \u00e0 Barbizon, l\u2019auberge Ganne, \u00e0 Marlotte, l\u2019auberge de la M\u00e8re Antoni, l\u2019auberge du Sabot Rouge.<\/p>\n<p>Tous se retrouvent autour de tables accueillantes, un peu rustiques, qui conviennent tout \u00e0 fait aux r\u00e9unions professionnelles qu\u2019ils tiennent.<\/p>\n<p>Chaque jour, Corot se rend \u00e0 pied dans la for\u00eat et cherche une nouvelle lumi\u00e8re, retouche les \u00e9tudes de la veille. A cette \u00e9poque, son lieu de vill\u00e9giature est principalement Chailly. Il s\u00e9journe parfois \u00e0 l\u2019auberge de Cheval Blanc et aussi \u00ab chez Madame Coutelle \u00bb ou \u00ab chez la veuve Lemoine \u00bb L\u2019histoire ne dit pas si ces deux derni\u00e8res \u00e9taient des patronnes d\u2019auberge locale ou des villageoises qui accueillaient les peintres de cette \u00e9poque.<\/p>\n<p>Beaucoup d\u2019\u0153uvres de Corot \u00e9voquent les alentours de Chailly ou des paysages de la for\u00eat, aujourd\u2019hui voici \u00ab le paveur de la route de Chailly \u00bb, tableau peint vers 1840, expos\u00e9 aux USA, \u00e0 la Dixon Gallery de Memphis.<\/p>\n<p>B.M. n\u00b0 51 \u2013Mars\/avril 2000<\/p>\n","protected":false},"excerpt":{"rendered":"<p>Et si nous faisions un peu mieux connaissance avec le Peintre Jean-Baptiste Corot Chaque ville, chaque village a son histoire et ses particularit\u00e9s. Dammarie et ses grandes demeures Ch\u00e2teau Gaillard, de Bellombre, de Farcy, des Vives-Eaux, La Croix Saint Jacques\u2026 Fleury et C\u00e9ly leur ch\u00e2teau, Saint Germain, Saint Sauveur, leur fra\u00eeche rivi\u00e8re l\u2019Ecole qui file &hellip; <\/p>\n<p><a class=\"more-link btn\" href=\"https:\/\/www.mairie-chailly-en-biere.fr\/?page_id=1400\">Lire la suite<\/a><\/p>\n","protected":false},"author":2,"featured_media":0,"parent":1069,"menu_order":3,"comment_status":"closed","ping_status":"closed","template":"","meta":{"footnotes":""},"class_list":["post-1400","page","type-page","status-publish","hentry","nodate","item-wrap"],"_links":{"self":[{"href":"https:\/\/www.mairie-chailly-en-biere.fr\/index.php?rest_route=\/wp\/v2\/pages\/1400","targetHints":{"allow":["GET"]}}],"collection":[{"href":"https:\/\/www.mairie-chailly-en-biere.fr\/index.php?rest_route=\/wp\/v2\/pages"}],"about":[{"href":"https:\/\/www.mairie-chailly-en-biere.fr\/index.php?rest_route=\/wp\/v2\/types\/page"}],"author":[{"embeddable":true,"href":"https:\/\/www.mairie-chailly-en-biere.fr\/index.php?rest_route=\/wp\/v2\/users\/2"}],"replies":[{"embeddable":true,"href":"https:\/\/www.mairie-chailly-en-biere.fr\/index.php?rest_route=%2Fwp%2Fv2%2Fcomments&post=1400"}],"version-history":[{"count":7,"href":"https:\/\/www.mairie-chailly-en-biere.fr\/index.php?rest_route=\/wp\/v2\/pages\/1400\/revisions"}],"predecessor-version":[{"id":9742,"href":"https:\/\/www.mairie-chailly-en-biere.fr\/index.php?rest_route=\/wp\/v2\/pages\/1400\/revisions\/9742"}],"up":[{"embeddable":true,"href":"https:\/\/www.mairie-chailly-en-biere.fr\/index.php?rest_route=\/wp\/v2\/pages\/1069"}],"wp:attachment":[{"href":"https:\/\/www.mairie-chailly-en-biere.fr\/index.php?rest_route=%2Fwp%2Fv2%2Fmedia&parent=1400"}],"curies":[{"name":"wp","href":"https:\/\/api.w.org\/{rel}","templated":true}]}}