{"id":1367,"date":"2011-03-09T12:31:20","date_gmt":"2011-03-09T12:31:20","guid":{"rendered":"https:\/\/www.mairie-chailly-en-biere.fr\/?page_id=1367"},"modified":"2011-03-17T15:33:32","modified_gmt":"2011-03-17T15:33:32","slug":"histoire-de-clocher","status":"publish","type":"page","link":"https:\/\/www.mairie-chailly-en-biere.fr\/?page_id=1367","title":{"rendered":"Histoire de clocher"},"content":{"rendered":"<div id=\"attachment_2090\" style=\"width: 640px\" class=\"wp-caption alignleft\"><a href=\"https:\/\/www.mairie-chailly-en-biere.fr\/?attachment_id=2090\" rel=\"attachment wp-att-2090\"><img loading=\"lazy\" decoding=\"async\" aria-describedby=\"caption-attachment-2090\" src=\"https:\/\/www.mairie-chailly-en-biere.fr\/wp-content\/uploads\/web-eglise-interieur1.jpg\" alt=\"Eglise interieur\" title=\"Eglise interieur\" width=\"640\" height=\"404\" class=\"size-full wp-image-2090\" srcset=\"https:\/\/www.mairie-chailly-en-biere.fr\/wp-content\/uploads\/web-eglise-interieur1.jpg 640w, https:\/\/www.mairie-chailly-en-biere.fr\/wp-content\/uploads\/web-eglise-interieur1-300x189.jpg 300w, https:\/\/www.mairie-chailly-en-biere.fr\/wp-content\/uploads\/web-eglise-interieur1-560x353.jpg 560w\" sizes=\"auto, (max-width: 640px) 100vw, 640px\" \/><\/a><p id=\"caption-attachment-2090\" class=\"wp-caption-text\">Eglise interieur<\/p><\/div>\n<p>Entre le vendredi Saint et P\u00e2ques, les cloches de l\u2019\u00e9glise sont silencieuses, on dit m\u00eame qu\u2019elles partent \u00e0 Rome et que, sur le chemin du retour, elles dispensent des friandises que les enfants retrouvent dans les jardins le matin de P\u00e2ques.<\/p>\n<p>C\u2019est bien s\u00fbr une histoire pour les enfants : elles ne volent que dans leurs r\u00eaves. En fait, elles restent l\u00e0, bien amarr\u00e9es en haut du clocher et n\u2019en bougent pas \u00e0 moins d\u2019une catastrophe, comme en 1763 o\u00f9 un incendie ravagea le clocher et une partie de la nef. Ce clocher se situait \u00e0 c\u00f4t\u00e9 de la sacristie qui \u00e9tait alors une chapelle. Il s\u2019agissait d\u2019une grosse tour ronde surplombant le village et en haut de laquelle on avait install\u00e9 une cloche. Il fut reconstruit en 1765 gr\u00e2ce aux lib\u00e9ralit\u00e9s de Louis XV, qui fit remettre 15 000 livres \u00e0 l\u2019abb\u00e9 Guignard, cur\u00e9 de l\u2019\u00e9poque, pour sa reconstruction car les Chaillotins ne pouvaient supporter une telle d\u00e9pense. Pour remercier le roi, un jour qu\u2019il passait pour aller \u00e0 Fontainebleau, il se porta \u00e0 sa rencontre suivi de ses paroissiens et, en lui pr\u00e9sentant le plan du clocher, lui tourna ce compliment en vers :<\/p>\n<p>Monarque bien aim\u00e9 dont le c\u0153ur g\u00e9n\u00e9reux<br \/>\nN\u2019estime du haut rang o\u00f9 t\u2019ont plac\u00e9 les dieux<br \/>\nQue le pr\u00e9cieux avantage<br \/>\nDe soulager les malheureux<br \/>\nCet \u00e9difice est ton ouvrage<br \/>\nPuissent au gr\u00e9 de mon souhait<br \/>\nTes jours prolong\u00e9s d\u2019\u00e2ge en \u00e2ge<br \/>\nDurer autant que ton bienfait<\/p>\n<p>Ce po\u00e8me fut transcrit sur une plaque scell\u00e9e sur le fronton du clocher (on voit encore son encadr\u00e9 !) mais la r\u00e9volution passa par l\u00e0 et la plaque disparut.<\/p>\n<p>Cependant, gr\u00e2ce \u00e0 une subvention des Services D\u00e9partementaux du Patrimoine, elle pourra bient\u00f4t reprendre sa place.<\/p>\n<p>Comme chaque ann\u00e9e nos cloches cesseront donc de sonner en signe de deuil jusqu\u2019au jour de la r\u00e9surrection du Christ, le dimanche de P\u00e2ques o\u00f9 elles tinteront \u00e0 nouveau.<\/p>\n<p>Ces deux cloches sont r\u00e9centes M. Jean Boll\u00e9e (fr\u00e8re de Mme Debreuve, chaillotine) fondeur de cloches \u00e0 Saint Jean de Braye pr\u00e8s d\u2019Orl\u00e9ans, les coula avec le bronze de la cloche de l\u2019Ang\u00e9lus qui avait \u00e9t\u00e9 baptis\u00e9e le 29 mai 1823 et s\u2019\u00e9tait fendue. Elle rempla\u00e7ait elle-m\u00eame deux cloches, qui avaient \u00e9t\u00e9 b\u00e9nites en 1785. Ce changement a \u00e9t\u00e9 fait par les soins de l\u2019Abb\u00e9 Legros, et les deux nouvelles cloches ont \u00e9t\u00e9 b\u00e9nites par Mgr M\u00e9nager, le<br \/>\n 4 septembre 1966, en pr\u00e9sence de M. Bertheau, Maire de Chailly, M. Leroux, Maire de Barbizon et les cur\u00e9s de Perthes, Pringy et Ponthierry, trois paroisses voisines.<\/p>\n<p>Quelle belle c\u00e9r\u00e9monie que ce bapt\u00eame ! En voici le r\u00e9cit relev\u00e9 par un journal de l\u2019\u00e9poque : \u00ab A l\u2019entr\u00e9e du village, les sapeurs-pompiers, sous la conduite du caporal To\u00efgo, formaient une haie d\u2019honneur : une foule consid\u00e9rable de fid\u00e8les et paroissiens de Chailly et des environs se pressait dans l\u2019\u00e9glise, trop petite pour la circonstance.<\/p>\n<p>Mgr M\u00e9nager rappela le r\u00f4le des cloches, appel\u00e9es \u00e0 sonner de leur plus juste note, les r\u00e9jouissances et les peines. Ces deux nouvelles cloches remplacent celle qui sonna l\u2019Ang\u00e9lus de Millet. Un vin d\u2019honneur \u00e0 \u00ab l\u2019auberge du Cheval Blanc \u00bb termina ce beau jour, apr\u00e8s distribution de drag\u00e9es aux paroissiens et enfant de la commune. \u00bb<\/p>\n<p>Les deux cloches actuelles, \u00ab Lucie-Gabrielle \u00bb (500 kg) et \u00abLucienne-Marcelle \u00bb (340 kg) ont pour parrains et marraines M. Gabriel Chambraud et Mme Lucie Drulle (actuelle pr\u00e9sidente du club des Hirondelles), M. Marcel Baurain et Mme Lucienne Billard.<\/p>\n<p>Une troisi\u00e8me cloche qui s\u2019appellera \u00ab Solange \u00bb viendra bient\u00f4t les rejoindre. Egalement coul\u00e9e \u00e0 Saint Jean de Braye, elle sera baptis\u00e9e le 19 septembre 1993. Cette acquisition, adopt\u00e9e par le Conseil Municipal dans sa s\u00e9ance du 20 janvier 1993 a \u00e9t\u00e9 rendue possible gr\u00e2ce \u00e0 un don de l\u2019abb\u00e9 Perrin et en partie de ses paroissiens.<\/p>\n<p>JP. L.<br \/>\nB.M. n\u00b0 22 &#8211; Septembre 1989<\/p>\n<p>Petite note de l\u2019\u00e9glise sur l\u2019\u00e9glise de Chailly<\/p>\n<p>Par les soins de Mr COTTEREAU \u2013 Maire \u2013 et de la Municipalit\u00e9 de Chailly, et suite \u00e0 la tr\u00e8s belle restauration de l\u2019int\u00e9rieur de l\u2019\u00e9glise, la tribune vient d\u2019\u00eatre remise en place au-dessus de la porte d\u2019entr\u00e9e. D\u2019apr\u00e8s les savantes notes de l\u2019Abb\u00e9 Thioux, la vo\u00fbte de la nef, en berceau, travers\u00e9e par des poutres, soutenue par des contreforts, est du XIIIe si\u00e8cle. Le ch\u0153ur et les chapelles ne datent que du XVIe si\u00e8cle. Toutes les vo\u00fbtes sont en pierre. Aux crois\u00e9es d\u2019ogives existent des rosaces et des \u00e9cussons mutil\u00e9s ou repl\u00e2tr\u00e9s \u2013 monogramme I.H.S., couronne d\u2019\u00e9pines. La Tribune, dont on a parl\u00e9 ci-dessus, est une menuiserie de l\u2019\u00e9poque de la renaissance.<\/p>\n<p>Abb\u00e9 Paul Perrin <\/p>\n","protected":false},"excerpt":{"rendered":"<p>Entre le vendredi Saint et P\u00e2ques, les cloches de l\u2019\u00e9glise sont silencieuses, on dit m\u00eame qu\u2019elles partent \u00e0 Rome et que, sur le chemin du retour, elles dispensent des friandises que les enfants retrouvent dans les jardins le matin de P\u00e2ques. C\u2019est bien s\u00fbr une histoire pour les enfants : elles ne volent que dans &hellip; <\/p>\n<p><a class=\"more-link btn\" href=\"https:\/\/www.mairie-chailly-en-biere.fr\/?page_id=1367\">Lire la suite<\/a><\/p>\n","protected":false},"author":2,"featured_media":0,"parent":55,"menu_order":1,"comment_status":"closed","ping_status":"closed","template":"","meta":{"footnotes":""},"class_list":["post-1367","page","type-page","status-publish","hentry","nodate","item-wrap"],"_links":{"self":[{"href":"https:\/\/www.mairie-chailly-en-biere.fr\/index.php?rest_route=\/wp\/v2\/pages\/1367","targetHints":{"allow":["GET"]}}],"collection":[{"href":"https:\/\/www.mairie-chailly-en-biere.fr\/index.php?rest_route=\/wp\/v2\/pages"}],"about":[{"href":"https:\/\/www.mairie-chailly-en-biere.fr\/index.php?rest_route=\/wp\/v2\/types\/page"}],"author":[{"embeddable":true,"href":"https:\/\/www.mairie-chailly-en-biere.fr\/index.php?rest_route=\/wp\/v2\/users\/2"}],"replies":[{"embeddable":true,"href":"https:\/\/www.mairie-chailly-en-biere.fr\/index.php?rest_route=%2Fwp%2Fv2%2Fcomments&post=1367"}],"version-history":[{"count":5,"href":"https:\/\/www.mairie-chailly-en-biere.fr\/index.php?rest_route=\/wp\/v2\/pages\/1367\/revisions"}],"predecessor-version":[{"id":2094,"href":"https:\/\/www.mairie-chailly-en-biere.fr\/index.php?rest_route=\/wp\/v2\/pages\/1367\/revisions\/2094"}],"up":[{"embeddable":true,"href":"https:\/\/www.mairie-chailly-en-biere.fr\/index.php?rest_route=\/wp\/v2\/pages\/55"}],"wp:attachment":[{"href":"https:\/\/www.mairie-chailly-en-biere.fr\/index.php?rest_route=%2Fwp%2Fv2%2Fmedia&parent=1367"}],"curies":[{"name":"wp","href":"https:\/\/api.w.org\/{rel}","templated":true}]}}