{"id":12390,"date":"2019-08-13T12:51:44","date_gmt":"2019-08-13T12:51:44","guid":{"rendered":"https:\/\/www.mairie-chailly-en-biere.fr\/?page_id=12390"},"modified":"2020-03-12T10:50:25","modified_gmt":"2020-03-12T10:50:25","slug":"eco-chailly","status":"publish","type":"page","link":"https:\/\/www.mairie-chailly-en-biere.fr\/?page_id=12390","title":{"rendered":"Eco Chailly"},"content":{"rendered":"<p>Association r\u00e9gie par la loi du 1er juillet 1901 et le d\u00e9cret du 16 ao\u00fbt 1901, cr\u00e9\u00e9e en janvier 2004 et qui a sp\u00e9cialement pour but :<\/p>\n<p>\u2022la protection de l&rsquo;environnement, la qualit\u00e9 de la vie, de l&rsquo;eau, du paysage, du cadre urbain, l&rsquo;am\u00e9lioration de la \u00ab\u00a0circulation des pi\u00e9tons et des v\u00e9los\u00a0\u00bb<br \/>\n\u2022la pr\u00e9vention du cadre et de l&rsquo;acc\u00e8s \u00e0 la for\u00eat de Fontainebleau, class\u00e9e au patrimoine mondial de l&rsquo;Humanit\u00e9.<br \/>\nSi\u00e8ge social : BP 30 77930 CHAILLY EN BIERE<\/p>\n<p>Pour en savoir + : <a href=\"mailto:jppatat@laposte.net\">jppatat@laposte.net<\/a><\/p>\n","protected":false},"excerpt":{"rendered":"<p>Association r\u00e9gie par la loi du 1er juillet 1901 et le d\u00e9cret du 16 ao\u00fbt 1901, cr\u00e9\u00e9e en janvier 2004 et qui a sp\u00e9cialement pour but : \u2022la protection de l&rsquo;environnement, la qualit\u00e9 de la vie, de l&rsquo;eau, du paysage, du cadre urbain, l&rsquo;am\u00e9lioration de la \u00ab\u00a0circulation des pi\u00e9tons et des v\u00e9los\u00a0\u00bb \u2022la pr\u00e9vention du &hellip; <\/p>\n<p><a class=\"more-link btn\" href=\"https:\/\/www.mairie-chailly-en-biere.fr\/?page_id=12390\">Lire la suite<\/a><\/p>\n","protected":false},"author":2,"featured_media":0,"parent":12426,"menu_order":5,"comment_status":"closed","ping_status":"closed","template":"","meta":{"footnotes":""},"class_list":["post-12390","page","type-page","status-publish","hentry","nodate","item-wrap"],"_links":{"self":[{"href":"https:\/\/www.mairie-chailly-en-biere.fr\/index.php?rest_route=\/wp\/v2\/pages\/12390","targetHints":{"allow":["GET"]}}],"collection":[{"href":"https:\/\/www.mairie-chailly-en-biere.fr\/index.php?rest_route=\/wp\/v2\/pages"}],"about":[{"href":"https:\/\/www.mairie-chailly-en-biere.fr\/index.php?rest_route=\/wp\/v2\/types\/page"}],"author":[{"embeddable":true,"href":"https:\/\/www.mairie-chailly-en-biere.fr\/index.php?rest_route=\/wp\/v2\/users\/2"}],"replies":[{"embeddable":true,"href":"https:\/\/www.mairie-chailly-en-biere.fr\/index.php?rest_route=%2Fwp%2Fv2%2Fcomments&post=12390"}],"version-history":[{"count":2,"href":"https:\/\/www.mairie-chailly-en-biere.fr\/index.php?rest_route=\/wp\/v2\/pages\/12390\/revisions"}],"predecessor-version":[{"id":12392,"href":"https:\/\/www.mairie-chailly-en-biere.fr\/index.php?rest_route=\/wp\/v2\/pages\/12390\/revisions\/12392"}],"up":[{"embeddable":true,"href":"https:\/\/www.mairie-chailly-en-biere.fr\/index.php?rest_route=\/wp\/v2\/pages\/12426"}],"wp:attachment":[{"href":"https:\/\/www.mairie-chailly-en-biere.fr\/index.php?rest_route=%2Fwp%2Fv2%2Fmedia&parent=12390"}],"curies":[{"name":"wp","href":"https:\/\/api.w.org\/{rel}","templated":true}]}}