{"id":12307,"date":"2019-08-12T13:54:44","date_gmt":"2019-08-12T13:54:44","guid":{"rendered":"https:\/\/www.mairie-chailly-en-biere.fr\/?page_id=12307"},"modified":"2026-01-05T15:28:06","modified_gmt":"2026-01-05T15:28:06","slug":"collecte-des-ordures-menageres-et-collecte-selective","status":"publish","type":"page","link":"https:\/\/www.mairie-chailly-en-biere.fr\/?page_id=12307","title":{"rendered":"Collecte des ordures m\u00e9nag\u00e8res, collecte s\u00e9lective&#8230;"},"content":{"rendered":"<h3>Collecte des ordures m\u00e9nag\u00e8res et collecte s\u00e9lective<\/h3>\r\n<p style=\"padding-left: 40px; text-align: justify;\">Depuis le 1<sup>er<\/sup> janvier 2018, suite \u00e0 l&rsquo;adh\u00e9sion vot\u00e9e au Conseil communautaire de la Communaut\u00e9 d&rsquo;Agglom\u00e9ration du Pays de Fontainebleau le 14 d\u00e9cembre 2017, la comp\u00e9tence collecte et traitement des d\u00e9chets est exerc\u00e9e par le <a href=\"https:\/\/www.smictom-regionfontainebleau.fr\/\"><strong>SMICTOM de la R\u00e9gion de Fontainebleau.<\/strong><\/a><\/p>\r\n<p style=\"padding-left: 40px;\"><strong>Pour toute q<\/strong><strong>uestion, <\/strong><strong>un seul num\u00e9ro est \u00e0 votre disposition :\u00a0 <\/strong><strong>0\u00a0800\u00a0133\u00a0895.<\/strong><\/p>\r\n<p style=\"padding-left: 40px;\"><a href=\"https:\/\/www.mairie-chailly-en-biere.fr\/wp-content\/uploads\/COLLECTE-OM-Chailly-en-Biere.pdf\">Calendrier de la collecte 2026<\/a><\/p>\r\n<p style=\"padding-left: 40px; text-align: justify;\">Attention :\u00a0Une collecte a \u00e9t\u00e9 mise en place par mini-benne\u00a0pour les rues \u00e9troites ou en cul-de-sac. Pour Chailly-en-Bi\u00e8re, seules sont concern\u00e9es la rue des biches (n\u00b0 1, 2, 4, 4b, 6,8,3,10, 10b et 12), la rue de la citerne (n\u00b0 1, 2 et 4), le chemin des sangliers (n\u00b02, 2 bis, 4 et 6) et le n\u00b0 14 de la route de Brolles. Uniquement pour ces rues, la collecte a lieu le lundi pour les ordures m\u00e9nag\u00e8res r\u00e9siduelles, le vendredi pour les emballages et les d\u00e9chets verts.<\/p>\r\n<p style=\"padding-left: 40px;\"><a href=\"https:\/\/www.mairie-chailly-en-biere.fr\/wp-content\/uploads\/Mini_Benne.pdf\">Collecte mini-benne 2026<\/a><\/p>\r\n<p>Toutes les consignes de tri sont disponibles sur <a href=\"https:\/\/www.lombric.com\/trier-collecter\/dechets-menages\" target=\"_blank\" rel=\"noopener\">https:\/\/www.lombric.com\/trier-collecter\/dechets-menages<\/a>. Cliquez sur les d\u00e9chets, puis consignes<\/p>\r\n<h3>Acc\u00e8s \u00e0 la d\u00e9chetterie<\/h3>\r\n<p style=\"padding-left: 40px;\"><img loading=\"lazy\" decoding=\"async\" class=\"aligncenter wp-image-16345 size-large\" src=\"https:\/\/www.mairie-chailly-en-biere.fr\/wp-content\/uploads\/HORAIRES-DECHETTERIES-01042-494x700.jpg\" alt=\"\" width=\"494\" height=\"700\" srcset=\"https:\/\/www.mairie-chailly-en-biere.fr\/wp-content\/uploads\/HORAIRES-DECHETTERIES-01042-494x700.jpg 494w, https:\/\/www.mairie-chailly-en-biere.fr\/wp-content\/uploads\/HORAIRES-DECHETTERIES-01042-212x300.jpg 212w, https:\/\/www.mairie-chailly-en-biere.fr\/wp-content\/uploads\/HORAIRES-DECHETTERIES-01042.jpg 551w\" sizes=\"auto, (max-width: 494px) 100vw, 494px\" \/>Pour acc\u00e9der \u00e0 la d\u00e9chetterie, vous devez \u00a0:<\/p>\r\n<ul>\r\n<li style=\"list-style-type: none;\">\r\n<ul>\r\n<li style=\"text-align: justify;\">fournir un justificatif m\u00eame si vous d\u00e9teniez auparavant une carte d&rsquo;acc\u00e8s. En effet, \u00e0 chaque administr\u00e9 est d\u00e9sormais associ\u00e9 son num\u00e9ro fiscal. Ainsi, pour une premi\u00e8re inscription, vous devez en plus de l&rsquo;avis d&rsquo;imposition (taxe fonci\u00e8re ou d&rsquo;habitation) fournir les justificatifs habituels (pi\u00e8ce d&rsquo;identit\u00e9 et justificatif de domicile de moins de 6 mois). Si vous \u00eates d\u00e9j\u00e0 inscrit, vous devez pr\u00e9senter \u00e0 l&rsquo;agent d&rsquo;accueil un avis d&rsquo;imposition (taxe fonci\u00e8re ou d&rsquo;habitation).<\/li>\r\n<\/ul>\r\n<\/li>\r\n<\/ul>\r\n<p style=\"padding-left: 40px; text-align: justify;\">Depuis le 1er janvier\u00a02016,\u00a0chaque foyer a d\u00e9sormais droit \u00e0 une seule carte contenant 36 droits d\u2019acc\u00e8s (ou 36 points) pour une ann\u00e9e civile. A chaque passage en d\u00e9ch\u00e8terie un nombre de points, d\u00e9fini en fonction du type de v\u00e9hicule utilis\u00e9, est consomm\u00e9. Par exemple, une personne utilisant une berline peut venir 36 fois par an en d\u00e9ch\u00e8terie. Une fois l\u2019ensemble des droits consomm\u00e9s, l\u2019acc\u00e8s en d\u00e9ch\u00e8terie devient payant.<\/p>\r\n<p style=\"padding-left: 40px;\"><a href=\"https:\/\/www.lombric.com\/traiter-recycler\/installations-de-traitement\/decheteries\">Consulter le site du lombric pour plus d&rsquo;informations<\/a><\/p>\r\n<h3>Service \u201callo d\u00e9chets\u201d d\u00e8s janvier 2019<\/h3>\r\n<div id=\"post-11527\" class=\"clearfix post post-11527 type-post status-publish format-standard hentry category-ordures-menageres tag-allo tag-dechets tag-encombrants nodate item-wrap\">\r\n<div class=\"entry clearfix\">\r\n<div class=\"entry-content clearfix\">\r\n<p style=\"padding-left: 40px; text-align: justify;\">\u00a0<span id=\"more-11527\"><\/span>Ce service de collecte, propos\u00e9 par le SMICTOM de la r\u00e9gion de Fontainebleau, est effectif depuis le\u00a0 1er janvier 2019 sur appel t\u00e9l\u00e9phonique au <span style=\"color: #0000ff;\"><strong>01 64 23 35 54<\/strong><\/span>. Un rendez-vous vous sera propos\u00e9, une \u00e9quipe de l\u2019entreprise d\u2019insertion AIPR\u00e9fon se rendra \u00e0 votre domicile et collectera tous les d\u00e9chets: v\u00e9g\u00e9taux, tout-venant incin\u00e9rable (bois, plastiques non recyclables, polystyr\u00e8nes\u2026), tout-venant non incin\u00e9rable (produits d\u2019isolation, pl\u00e2tre\u2026), m\u00e9taux, cartons, gravats, encombrants m\u00e9nagers (meubles et autres objets encombrants), pneumatiques d\u00e9jant\u00e9s, produits toxiques (batteries, peintures, vernis, solvants, a\u00e9rosols, produits phytosanitaires, produits de laboratoire), piles, huiles de vidange, cartouches d\u2019imprimantes, d\u00e9chets d\u2019\u00e9quipements \u00e9lectriques et \u00e9lectroniques (t\u00e9l\u00e9viseur, \u00e9cran d\u2019ordinateur, lave-linge, cuisini\u00e8re, micro-onde, r\u00e9frig\u00e9rateur\u2026) ainsi que les ampoules.<\/p>\r\n<p style=\"padding-left: 40px; text-align: justify;\">Contrairement \u00e0 la collecte traditionnelle en porte-\u00e0-porte, le service <strong>Allo d\u00e9chets <\/strong>permet de collecter tous les types de d\u00e9chets. De plus, les objets r\u00e9cup\u00e9r\u00e9s qui sont en bon \u00e9tat pourront avoir une seconde vie gr\u00e2ce \u00e0 la recyclerie Envie d\u2019R, situ\u00e9e \u00e0 Vernou-la-Celle-sur-Seine et g\u00e9r\u00e9e par l\u2019entreprise d\u2019insertion AIPR\u00e9Fon. Ils seront ensuite revendus en boutique \u00e0 des prix tr\u00e8s attractifs.<\/p>\r\n<p style=\"padding-left: 40px;\">Les r\u00e8gles \u00e0 respecter sont les suivantes :<\/p>\r\n<ul>\r\n<li style=\"list-style-type: none;\">\r\n<ul>\r\n<li style=\"text-align: justify;\">Le volume collect\u00e9 par le service <strong>Allo d\u00e9chets<\/strong> est limit\u00e9 \u00e0 3 m\u00b3 par rendez-vous.<\/li>\r\n<li style=\"text-align: justify;\">Ce service est en grande partie financ\u00e9 par le SMICTOM. Une participation symbolique est n\u00e9anmoins demand\u00e9e pour soutenir l\u2019activit\u00e9 d\u2019insertion de l\u2019entreprise AIPR\u00e9Fon : 10 \u20ac\/m\u00b3 pour tous les d\u00e9chets, sauf pour les gravats, 20 \u20ac\/m\u00b3.<\/li>\r\n<li style=\"text-align: justify;\"><strong>Allo d\u00e9chets<\/strong> est un service de substitution pour se rendre en d\u00e9chetterie. La carte d\u2019acc\u00e8s de l\u2019habitant est prise par l\u2019\u00e9quipe, puis restitu\u00e9e par voie postale apr\u00e8s l\u2019intervention.<\/li>\r\n<li style=\"text-align: justify;\">Les conditions d\u2019acc\u00e8s en d\u00e9chetterie devront \u00eatre respect\u00e9es (quantit\u00e9 et co\u00fbt \u00e9ventuel en cas de d\u00e9passement des droits d\u2019acc\u00e8s). Les points de la carte seront donc d\u00e9compt\u00e9s.<\/li>\r\n<\/ul>\r\n<\/li>\r\n<\/ul>\r\n<p style=\"padding-left: 40px; text-align: justify;\">Pour m\u00e9moire : le petit \u00e9lectrom\u00e9nager usag\u00e9 peut-\u00eatre d\u00e9pos\u00e9 dans les centres commerciaux. Lors de la livraison d\u2019un gros \u00e9lectrom\u00e9nager, le vendeur est tenu de reprendre l\u2019ancien.<\/p>\r\n<h3>\u00c9limination des d\u00e9p\u00f4ts sauvages<\/h3>\r\n<i>(extrait de l&rsquo;arr\u00eat\u00e9 n\u00b0 45\/2013 du 12 juin 2013) <\/i><\/div>\r\n<div class=\"entry-content clearfix\">\r\n<p>&nbsp;<\/p>\r\n<p style=\"padding-left: 40px;\"><b>Article 5\u00a0: <\/b><\/p>\r\n<p style=\"padding-left: 40px;\"><b>5<\/b>.1 &#8211; Tout d\u00e9p\u00f4t sauvage d\u2019ordures ou de d\u00e9tritus de quelque nature que ce soit ainsi que toute d\u00e9charge brute d\u2019ordures m\u00e9nag\u00e8res sont interdits.<\/p>\r\n<p style=\"padding-left: 40px;\">5.2 &#8211; Sont consid\u00e9r\u00e9s comme d\u00e9p\u00f4t sauvage\u00a0:<\/p>\r\n<p style=\"padding-left: 40px;\">Les ordures m\u00e9nag\u00e8res non collect\u00e9es par la communaut\u00e9 de communes du Pays de Bi\u00e8re en raison de leur nature, de leur mauvais conditionnement ou d\u2019une pr\u00e9sentation en dehors des heures r\u00e9glementaires.<\/p>\r\n<p style=\"padding-left: 40px;\">Les encombrants exclus de la collecte ou pr\u00e9sent\u00e9s en dehors des jours r\u00e9glementaires.<\/p>\r\n<p style=\"padding-left: 40px;\">5.3 &#8211; Dans les conditions pr\u00e9vues par le Conseil Municipal, les frais d\u2019\u00e9limination seront assur\u00e9s d\u2019office et mis \u00e0 la charge du responsable du d\u00e9p\u00f4t, \u00e9tant entendu que cette notion de responsabilit\u00e9 s\u2019\u00e9tend au propri\u00e9taire du terrain ayant fait preuve de n\u00e9gligence, voire de complaisance, \u00e0 l\u2019\u00e9gard des d\u00e9p\u00f4ts de d\u00e9chets sur son terrain par des personnes non identifi\u00e9es.<\/p>\r\n5.4 &#8211; Les infractions seront poursuivies dans les conditions pr\u00e9vues au Code p\u00e9nal \r\n<figure class=\"wp-block-image\"><img loading=\"lazy\" decoding=\"async\" class=\"wp-image-11648 size-medium alignleft\" src=\"https:\/\/www.mairie-chailly-en-biere.fr\/wp-content\/uploads\/POUBELLES-254x300.jpg\" alt=\"\" width=\"254\" height=\"300\" srcset=\"https:\/\/www.mairie-chailly-en-biere.fr\/wp-content\/uploads\/POUBELLES-254x300.jpg 254w, https:\/\/www.mairie-chailly-en-biere.fr\/wp-content\/uploads\/POUBELLES.jpg 351w\" sizes=\"auto, (max-width: 254px) 100vw, 254px\" \/><\/figure>\r\n\r\n\r\n \u00a0\r\n<h3>Besoin d&rsquo;une poubelle !<\/h3>\r\nLe SMICTOM vous la fournit gratuitement, qu&rsquo;elle soit \u00e0 couvercle jaune, marron ou bordeaux. Comment faire pour l&rsquo;obtenir ? passer commande au num\u00e9ro vert du SMICTOM 0 800 133 895 (gratuit d&rsquo;un poste fixe). Le bac sera livr\u00e9 devant votre adresse. <\/div>\r\n<\/div>\r\n<\/div>","protected":false},"excerpt":{"rendered":"<p>Collecte des ordures m\u00e9nag\u00e8res et collecte s\u00e9lective Depuis le 1er janvier 2018, suite \u00e0 l&rsquo;adh\u00e9sion vot\u00e9e au Conseil communautaire de la Communaut\u00e9 d&rsquo;Agglom\u00e9ration du Pays de Fontainebleau le 14 d\u00e9cembre 2017, la comp\u00e9tence collecte et traitement des d\u00e9chets est exerc\u00e9e par le SMICTOM de la R\u00e9gion de Fontainebleau. Pour toute question, un seul num\u00e9ro est &hellip; <\/p>\n<p><a class=\"more-link btn\" href=\"https:\/\/www.mairie-chailly-en-biere.fr\/?page_id=12307\">Lire la suite<\/a><\/p>\n","protected":false},"author":2,"featured_media":0,"parent":12339,"menu_order":1,"comment_status":"closed","ping_status":"closed","template":"","meta":{"footnotes":""},"class_list":["post-12307","page","type-page","status-publish","hentry","nodate","item-wrap"],"_links":{"self":[{"href":"https:\/\/www.mairie-chailly-en-biere.fr\/index.php?rest_route=\/wp\/v2\/pages\/12307","targetHints":{"allow":["GET"]}}],"collection":[{"href":"https:\/\/www.mairie-chailly-en-biere.fr\/index.php?rest_route=\/wp\/v2\/pages"}],"about":[{"href":"https:\/\/www.mairie-chailly-en-biere.fr\/index.php?rest_route=\/wp\/v2\/types\/page"}],"author":[{"embeddable":true,"href":"https:\/\/www.mairie-chailly-en-biere.fr\/index.php?rest_route=\/wp\/v2\/users\/2"}],"replies":[{"embeddable":true,"href":"https:\/\/www.mairie-chailly-en-biere.fr\/index.php?rest_route=%2Fwp%2Fv2%2Fcomments&post=12307"}],"version-history":[{"count":29,"href":"https:\/\/www.mairie-chailly-en-biere.fr\/index.php?rest_route=\/wp\/v2\/pages\/12307\/revisions"}],"predecessor-version":[{"id":19412,"href":"https:\/\/www.mairie-chailly-en-biere.fr\/index.php?rest_route=\/wp\/v2\/pages\/12307\/revisions\/19412"}],"up":[{"embeddable":true,"href":"https:\/\/www.mairie-chailly-en-biere.fr\/index.php?rest_route=\/wp\/v2\/pages\/12339"}],"wp:attachment":[{"href":"https:\/\/www.mairie-chailly-en-biere.fr\/index.php?rest_route=%2Fwp%2Fv2%2Fmedia&parent=12307"}],"curies":[{"name":"wp","href":"https:\/\/api.w.org\/{rel}","templated":true}]}}