{"id":12160,"date":"2019-05-24T07:09:11","date_gmt":"2019-05-24T07:09:11","guid":{"rendered":"https:\/\/www.mairie-chailly-en-biere.fr\/?page_id=12160"},"modified":"2019-05-24T07:09:11","modified_gmt":"2019-05-24T07:09:11","slug":"haies-arbres-en-mitoyennete","status":"publish","type":"page","link":"https:\/\/www.mairie-chailly-en-biere.fr\/?page_id=12160","title":{"rendered":"Haies, arbres en mitoyennet\u00e9"},"content":{"rendered":"<p style=\"text-align: justify;\"><a href=\"https:\/\/www.mairie-chailly-en-biere.fr\/?attachment_id=664\" rel=\"attachment wp-att-664\"><img loading=\"lazy\" decoding=\"async\" class=\"wp-image-664 alignleft\" title=\"HAIES\" src=\"https:\/\/www.mairie-chailly-en-biere.fr\/wp-content\/uploads\/HAIES.jpg\" alt=\"\" width=\"320\" height=\"240\" srcset=\"https:\/\/www.mairie-chailly-en-biere.fr\/wp-content\/uploads\/HAIES.jpg 400w, https:\/\/www.mairie-chailly-en-biere.fr\/wp-content\/uploads\/HAIES-300x225.jpg 300w\" sizes=\"auto, (max-width: 320px) 100vw, 320px\" \/><\/a>La r\u00e9glementation, extr\u00eamement claire sur ce sujet, peut \u00eatre r\u00e9sum\u00e9e de la mani\u00e8re suivante :<\/p>\n<p style=\"text-align: justify;\">Tout propri\u00e9taire est tenu de couper les branches de ses arbres qui d\u00e9passent chez son voisin au niveau de la limite s\u00e9paratrice.<\/p>\n<p style=\"text-align: justify;\">Le voisin n&rsquo;a pas le droit de couper lui-m\u00eame les branches qui d\u00e9passent. Il a le droit absolu d&rsquo;exiger qu&rsquo;elles le soient au niveau de la limite s\u00e9paratrice, m\u00eame si l&rsquo;\u00e9lagage risque de provoquer la mort de l&rsquo;arbre.<\/p>\n<p style=\"text-align: justify;\">Dans le cadre d&rsquo;une location, les frais d&rsquo;entretien et d&rsquo;\u00e9lagage sont \u00e0 la charge du locataire.<\/p>\n<p style=\"text-align: justify;\">L&rsquo;obligation de la taille d&rsquo;une haie peut \u00eatre report\u00e9e \u00e0 une date ult\u00e9rieure, en vue de l&rsquo;effectuer \u00e0 une p\u00e9riode propice.<\/p>\n<p style=\"text-align: justify;\">A d\u00e9faut de r\u00e8glements et usages, la distance autoris\u00e9 entre la limite s\u00e9paratrice et les plantations est de 2 m pour les plantations de plus de 2 m, et d&rsquo;un demi m\u00e8tre pour les autres.<\/p>\n<p style=\"text-align: justify;\">IMPORTANT : Les propri\u00e9taires doivent \u00e9laguer r\u00e9guli\u00e8rement leurs arbres ou haies en bordures des voies publiques de fa\u00e7on \u00e0 ne pas g\u00eaner le d\u00e9placement des pi\u00e9tons ainsi que la visibilit\u00e9 de la circulation routi\u00e8re, et \u00e9viter la chute de bois morts. En cas d&rsquo;accident, la responsabilit\u00e9 du propri\u00e9taire pourrait \u00eatre engag\u00e9e. Les plantations ne doivent pas toucher les c\u00e2bles \u00e9lectriques, t\u00e9l\u00e9phoniques, masquer les panneaux de signalisation et le r\u00e9seau d&rsquo;\u00e9clairage public.<\/p>\n<p>Cf article 671 du Code civil\u00a0\u00a0 et <a href=\"https:\/\/www.mairie-chailly-en-biere.fr\/wp-content\/uploads\/ARRETE-2010-63.pdf\">arr\u00eat\u00e9 municipal du 18 mai 2010<\/a><\/p>\n<p>Pensez aux <a href=\"https:\/\/www.mairie-chailly-en-biere.fr\/wp-content\/uploads\/Liste-essences-locales-PLU.pdf\">essences locales pour cr\u00e9er vos haies<\/a>.<\/p>\n","protected":false},"excerpt":{"rendered":"<p>La r\u00e9glementation, extr\u00eamement claire sur ce sujet, peut \u00eatre r\u00e9sum\u00e9e de la mani\u00e8re suivante : Tout propri\u00e9taire est tenu de couper les branches de ses arbres qui d\u00e9passent chez son voisin au niveau de la limite s\u00e9paratrice. Le voisin n&rsquo;a pas le droit de couper lui-m\u00eame les branches qui d\u00e9passent. Il a le droit absolu &hellip; <\/p>\n<p><a class=\"more-link btn\" href=\"https:\/\/www.mairie-chailly-en-biere.fr\/?page_id=12160\">Lire la suite<\/a><\/p>\n","protected":false},"author":2,"featured_media":0,"parent":12037,"menu_order":6,"comment_status":"closed","ping_status":"closed","template":"","meta":{"footnotes":""},"class_list":["post-12160","page","type-page","status-publish","hentry","nodate","item-wrap"],"_links":{"self":[{"href":"https:\/\/www.mairie-chailly-en-biere.fr\/index.php?rest_route=\/wp\/v2\/pages\/12160","targetHints":{"allow":["GET"]}}],"collection":[{"href":"https:\/\/www.mairie-chailly-en-biere.fr\/index.php?rest_route=\/wp\/v2\/pages"}],"about":[{"href":"https:\/\/www.mairie-chailly-en-biere.fr\/index.php?rest_route=\/wp\/v2\/types\/page"}],"author":[{"embeddable":true,"href":"https:\/\/www.mairie-chailly-en-biere.fr\/index.php?rest_route=\/wp\/v2\/users\/2"}],"replies":[{"embeddable":true,"href":"https:\/\/www.mairie-chailly-en-biere.fr\/index.php?rest_route=%2Fwp%2Fv2%2Fcomments&post=12160"}],"version-history":[{"count":1,"href":"https:\/\/www.mairie-chailly-en-biere.fr\/index.php?rest_route=\/wp\/v2\/pages\/12160\/revisions"}],"predecessor-version":[{"id":12161,"href":"https:\/\/www.mairie-chailly-en-biere.fr\/index.php?rest_route=\/wp\/v2\/pages\/12160\/revisions\/12161"}],"up":[{"embeddable":true,"href":"https:\/\/www.mairie-chailly-en-biere.fr\/index.php?rest_route=\/wp\/v2\/pages\/12037"}],"wp:attachment":[{"href":"https:\/\/www.mairie-chailly-en-biere.fr\/index.php?rest_route=%2Fwp%2Fv2%2Fmedia&parent=12160"}],"curies":[{"name":"wp","href":"https:\/\/api.w.org\/{rel}","templated":true}]}}