{"id":12132,"date":"2019-05-23T12:39:28","date_gmt":"2019-05-23T12:39:28","guid":{"rendered":"https:\/\/www.mairie-chailly-en-biere.fr\/?page_id=12132"},"modified":"2025-12-01T09:20:12","modified_gmt":"2025-12-01T09:20:12","slug":"autorisations-durbanisme","status":"publish","type":"page","link":"https:\/\/www.mairie-chailly-en-biere.fr\/?page_id=12132","title":{"rendered":"Autorisations d&rsquo;urbanisme"},"content":{"rendered":"<p style=\"text-align: justify;\">La commune de Chailly-en-Bi\u00e8re est situ\u00e9e dans le p\u00e9rim\u00e8tre des monuments historiques, dans celui des sites naturels inscrits et dans le Parc Naturel R\u00e9gional du G\u00e2tinais Fran\u00e7ais. Elle fait \u00e9galement partie de la Communaut\u00e9 d&rsquo;Agglom\u00e9ration du Pays de Fontainebleau.<\/p>\n<h4 style=\"padding-left: 80px;\"><strong>Servitudes d&rsquo;utilit\u00e9 publique<\/strong><\/h4>\n<ul>\n<li style=\"list-style-type: none;\">\n<ul>\n<li style=\"list-style-type: none;\">\n<ul>\n<li style=\"list-style-type: none;\">\n<ul>\n<li style=\"list-style-type: none;\">\n<ul>\n<li>servitudes de protection des monuments historiques (1)<\/li>\n<li>servitudes de protection des sites et monuments naturels (1)<\/li>\n<li>servitudes d&rsquo;alignement<\/li>\n<li>servitudes relatives \u00e0 l&rsquo;\u00e9tablissement des canalisations de transport et de distribution de gaz<\/li>\n<li>servitudes d&rsquo;\u00e9lagage relatives aux lignes de t\u00e9l\u00e9communications empruntant le domaine public.<\/li>\n<\/ul>\n<\/li>\n<\/ul>\n<\/li>\n<\/ul>\n<\/li>\n<\/ul>\n<\/li>\n<\/ul>\n<p style=\"text-align: justify;\"><span style=\"text-decoration: underline;\">Pour information<\/span> :<\/p>\n<p style=\"text-align: justify;\">1) Par d\u00e9lib\u00e9ration du Conseil Municipal du 6 d\u00e9cembre 2017, sont soumis \u00e0 <strong>d\u00e9claration pr\u00e9alable<\/strong> toute division en propri\u00e9t\u00e9 ou en jouissance des propri\u00e9t\u00e9s fonci\u00e8res par ventes ou locations simultan\u00e9es ou successives\u00a0:<\/p>\n<ul>\n<li>dans les zones urbaines Ua, Ub, Uc et Ud<\/li>\n<li>dans les zones \u00e0 vocation agricole prot\u00e9g\u00e9es en raison des richesses naturelles du sol et sous sol (A et AU)<\/li>\n<li>dans les zones prot\u00e9g\u00e9es pour des raisons de s\u00e9curit\u00e9 ou pour des raisons de protection des sites et paysages (N et N*) class\u00e9es ou non en EBC ou en ENS, en application de l\u2019article L.111-5-2 du Code de l\u2019Urbanisme.<\/li>\n<\/ul>\n<p>&nbsp;<\/p>\n<p style=\"text-align: justify;\">2) <a href=\"https:\/\/www.seine-et-marne.gouv.fr\/Actions-de-l-Etat\/Securite-et-protection-de-la-population\/Prevention-des-risques-naturels-et-technologiques\/Risques-naturels-en-Seine-et-Marne\/Mouvements-de-terrain\/Le-risque-mouvements-de-terrain-lie-au-retrait-gonflement-des-argiles\" target=\"_blank\" rel=\"noopener\">Le d\u00e9partement de Seine-et-Marne est concern\u00e9 par un risque moyen ou fort de ph\u00e9nom\u00e8ne de mouvement de terrain diff\u00e9rentiel cons\u00e9cutif \u00e0 la s\u00e9cheresse et \u00e0 la r\u00e9hydratation des sols argileux<\/a> (JO des 9 et 15 ao\u00fbt 2020 &#8211; arr\u00eat\u00e9 n\u00b02019233Z du 22 juillet 2020 d\u00e9finissant les zones expos\u00e9es).<\/p>\n<p style=\"text-align: center;\"><a href=\"https:\/\/www.mairie-chailly-en-biere.fr\/wp-content\/uploads\/construire_en_terrain_argileux_reglementation_et_bonnes_pratiques-v_modif-ccmi.pdf\" target=\"_blank\" rel=\"noopener\">Construire en terrain argileux : r\u00e9glementation et bonnes pratiques<\/a><\/p>\n<p style=\"text-align: justify;\"><strong><span style=\"color: #ff0000;\">Toute modification de fa\u00e7ade (ouverture, ravalement&#8230;), changement de cl\u00f4ture, construction d&rsquo;abri de jardin, &#8230;\u00a0 est donc soumis \u00e0 autorisation (d\u00e9claration pr\u00e9alable, permis de construire, permis d&rsquo;am\u00e9nager).<\/span><\/strong><\/p>\n<p style=\"text-align: justify;\">Les demandes, compos\u00e9es du formulaire d\u00fbment compl\u00e9t\u00e9, et d\u2019un dossier compos\u00e9 des divers documents \u00e9num\u00e9r\u00e9s par la notice explicative du formulaire susvis\u00e9, doivent \u00eatre adress\u00e9s, \u00e0 Monsieur le Maire (Mairie \u2013 2 place du G\u00e9n\u00e9ral Leclerc \u2013 77930 CHAILLY-EN-BIERE), ou remis, contre d\u00e9charge, au Service Urbanisme de la Mairie.<\/p>\n<p style=\"text-align: justify;\"><span style=\"color: #ff0000;\"><strong>Le service urbanisme re\u00e7oit uniquement sur rendez-vous pour tout\u00a0 d\u00e9p\u00f4t relatif aux autorisations d&rsquo;urbanisme (permis de construire, permis d&rsquo;am\u00e9nager, d\u00e9claration pr\u00e9alable&#8230;). <\/strong><\/span>Vous pouvez contacter le service urbanisme au 01.60.66.47.91. Vous pouvez \u00e9galement d\u00e9poser vos demandes <a href=\"https:\/\/sve.sirap.fr\/#\/077069\/connexion\" target=\"_blank\" rel=\"noopener\">sur le portail urbanisme en cr\u00e9ant un compte<\/a>.<\/p>\n<p style=\"text-align: justify;\">L\u2019ensemble des formulaires des diff\u00e9rents types d\u2019autorisation d\u2019occupation des sols sont disponibles en utilisant le lien suivant <a href=\"https:\/\/www.service-public.fr\/particuliers\/vosdroits\/N319\">https:\/\/www.service-public.fr\/particuliers\/vosdroits\/N319<\/a><\/p>\n<p>(1) Pour mener \u00e0 bien votre demande d&rsquo;autorisation, l&rsquo;U.D.A.P. (Unit\u00e9 D\u00e9partementale de l&rsquo;Architecture et du Patrimoine) a \u00e9dit\u00e9 une plaquette de recommandations. Vous pouvez \u00e9galement consulter le <a href=\"https:\/\/www.pays-fontainebleau.fr\/le-plan-local-durbanisme-intercommunal\/\">P.L.U.i.<\/a><\/p>\n<p><strong><img loading=\"lazy\" decoding=\"async\" class=\"aligncenter wp-image-17241 \" src=\"https:\/\/www.mairie-chailly-en-biere.fr\/wp-content\/uploads\/REGLE-URBANISME_001-800x566.jpg\" alt=\"\" width=\"673\" height=\"476\" srcset=\"https:\/\/www.mairie-chailly-en-biere.fr\/wp-content\/uploads\/REGLE-URBANISME_001-800x566.jpg 800w, https:\/\/www.mairie-chailly-en-biere.fr\/wp-content\/uploads\/REGLE-URBANISME_001-300x212.jpg 300w, https:\/\/www.mairie-chailly-en-biere.fr\/wp-content\/uploads\/REGLE-URBANISME_001-1536x1086.jpg 1536w, https:\/\/www.mairie-chailly-en-biere.fr\/wp-content\/uploads\/REGLE-URBANISME_001-2048x1448.jpg 2048w, https:\/\/www.mairie-chailly-en-biere.fr\/wp-content\/uploads\/REGLE-URBANISME_001-555x392.jpg 555w\" sizes=\"auto, (max-width: 673px) 100vw, 673px\" \/>Quelles sont vos obligations pour vos travaux ?<\/strong><\/p>\n<p>Vous avez d\u00e9pos\u00e9 une demande de permis de construire ou une d\u00e9claration pr\u00e9alable et obtenu une autorisation pour la r\u00e9alisation de votre projet&#8230;<\/p>\n<ul>\n<li><strong>Affichage<br \/>\n<\/strong><\/li>\n<\/ul>\n<div class=\"fiche-item\">\n<div id=\"fiche-item-2\" class=\"fiche-item-content collapse in\" aria-hidden=\"false\">\n<p>L&rsquo;affichage se fait gr\u00e2ce \u00e0 un panneau rectangulaire dont les dimensions doivent \u00eatre sup\u00e9rieures \u00e0 80 centim\u00e8tres. Vous pouvez trouver ce type de panneau notamment dans les magasins de bricolage. Le co\u00fbt du panneau est \u00e0 votre charge. Le panneau doit \u00eatre install\u00e9 de telle sorte que les renseignements qu&rsquo;il contient soient lisibles de la voie publique ou des espaces ouverts au public pendant toute la dur\u00e9e du chantier.<\/p>\n<p>Le panneau doit mentionner\u00a0:<\/p>\n<ul>\n<li>votre nom,<\/li>\n<li>votre raison sociale ou d\u00e9nomination sociale,<\/li>\n<li>la date de d\u00e9livrance du permis ou de la d\u00e9claration ainsi que son num\u00e9ro,<\/li>\n<li>la nature du projet et la superficie du terrain,<\/li>\n<li>l&rsquo;adresse de la mairie o\u00f9 le dossier peut \u00eatre consult\u00e9,<\/li>\n<li>le nom de l&rsquo;architecte auteur du projet architectural,<\/li>\n<li>les droits de recours des tiers \u00e0 savoir\u00a0: <span class=\"citation\">\u00ab <em>Le d\u00e9lai de recours contentieux est de deux mois \u00e0 compter du premier jour d&rsquo;une p\u00e9riode continue de deux mois d&rsquo;affichage sur le terrain du pr\u00e9sent panneau (art. R600-2 du code de l&rsquo;urbanisme). <\/em> \u00bb<\/span><br \/>\n<span class=\"citation\">\u00ab <em>Tout recours administratif ou tout recours contentieux doit, \u00e0 peine d&rsquo;irrecevabilit\u00e9, \u00eatre notifi\u00e9 \u00e0 l&rsquo;auteur de la d\u00e9cision et au b\u00e9n\u00e9ficiaire du permis ou de la d\u00e9cision prise sur la d\u00e9claration pr\u00e9alable. Cette notification doit \u00eatre adress\u00e9e par lettre recommand\u00e9e avec accus\u00e9 de r\u00e9ception dans un d\u00e9lai de quinze jours francs \u00e0 compter du d\u00e9p\u00f4t du recours (art. R600-1 du code de l&rsquo;urbanisme)<\/em> \u00bb<\/span>.<\/li>\n<\/ul>\n<pre>Code de l'urbanisme : article R424-15 (Obligation d'affichage de l'autorisation d'urbanisme)\r\n\r\nCode de l'urbanisme : articles A424-15 \u00e0 A424-19 (Contenu du panneau d'affichage)\r\n\r\nCode du patrimoine : article L650-3 (Mention de l'architecte qui a r\u00e9alis\u00e9 le projet)<\/pre>\n<p>Il doit \u00e9galement indiquer, en fonction de la nature du projet\u00a0:<\/p>\n<ul>\n<li>si le projet pr\u00e9voit des constructions\u00a0: la <dfn>surface du plancher<\/dfn> ainsi que la hauteur de la ou des constructions exprim\u00e9e en m\u00e8tre par rapport au sol,<\/li>\n<li>si le projet pr\u00e9voit des d\u00e9molitions\u00a0: la surface du ou des b\u00e2timents \u00e0 d\u00e9molir.<\/li>\n<\/ul>\n<\/div>\n<\/div>\n<p>L\u2019obligation d\u2019affichage a notamment pour vocation de permettre \u00e0 vos voisins de s\u2019assurer que votre construction est conforme \u00e0 la r\u00e9glementation et ne leur causera pas de nuisances particuli\u00e8res.<\/p>\n<ul>\n<li style=\"text-align: justify;\"><strong>D\u00e9claration d\u2019ouverture de chantier (permis de construire)<\/strong><br \/>\nDans le cas d\u2019un permis de construire et d\u00e8s le commencement des travaux, vous devez d\u00e9clarer l\u2019ouverture de chantier \u00e0 la mairie du lieu de votre projet.<\/li>\n<li style=\"text-align: justify;\"><strong>D\u00e9claration attestant l\u2019ach\u00e8vement et la conformit\u00e9 des travaux<\/strong><br \/>\nVos travaux achev\u00e9s, vous avez l\u2019obligation de d\u00e9poser en mairie le document intitul\u00e9 \u00ab D\u00e9claration Attestant l&rsquo;Ach\u00e8vement et la Conformit\u00e9 des Travaux \u00bb (DAACT) , envoy\u00e9 avec l\u2019arr\u00eat\u00e9 d\u2019autorisation. Ce document, qui remplace le \u00ab certificat de conformit\u00e9 \u00bb, doit \u00eatre adress\u00e9 en recommand\u00e9 ou d\u00e9pos\u00e9 contre d\u00e9charge en mairie. D\u00e8s r\u00e9ception de cette d\u00e9claration, l\u2019administration dispose d\u2019un d\u00e9lai de cinq mois pour v\u00e9rifier la conformit\u00e9 des travaux au permis de construire ou \u00e0 la d\u00e9claration pr\u00e9alable.<\/li>\n<\/ul>\n","protected":false},"excerpt":{"rendered":"<p>La commune de Chailly-en-Bi\u00e8re est situ\u00e9e dans le p\u00e9rim\u00e8tre des monuments historiques, dans celui des sites naturels inscrits et dans le Parc Naturel R\u00e9gional du G\u00e2tinais Fran\u00e7ais. Elle fait \u00e9galement partie de la Communaut\u00e9 d&rsquo;Agglom\u00e9ration du Pays de Fontainebleau. Servitudes d&rsquo;utilit\u00e9 publique servitudes de protection des monuments historiques (1) servitudes de protection des sites et &hellip; <\/p>\n<p><a class=\"more-link btn\" href=\"https:\/\/www.mairie-chailly-en-biere.fr\/?page_id=12132\">Lire la suite<\/a><\/p>\n","protected":false},"author":2,"featured_media":0,"parent":12037,"menu_order":3,"comment_status":"closed","ping_status":"closed","template":"","meta":{"footnotes":""},"class_list":["post-12132","page","type-page","status-publish","hentry","nodate","item-wrap"],"_links":{"self":[{"href":"https:\/\/www.mairie-chailly-en-biere.fr\/index.php?rest_route=\/wp\/v2\/pages\/12132","targetHints":{"allow":["GET"]}}],"collection":[{"href":"https:\/\/www.mairie-chailly-en-biere.fr\/index.php?rest_route=\/wp\/v2\/pages"}],"about":[{"href":"https:\/\/www.mairie-chailly-en-biere.fr\/index.php?rest_route=\/wp\/v2\/types\/page"}],"author":[{"embeddable":true,"href":"https:\/\/www.mairie-chailly-en-biere.fr\/index.php?rest_route=\/wp\/v2\/users\/2"}],"replies":[{"embeddable":true,"href":"https:\/\/www.mairie-chailly-en-biere.fr\/index.php?rest_route=%2Fwp%2Fv2%2Fcomments&post=12132"}],"version-history":[{"count":21,"href":"https:\/\/www.mairie-chailly-en-biere.fr\/index.php?rest_route=\/wp\/v2\/pages\/12132\/revisions"}],"predecessor-version":[{"id":19276,"href":"https:\/\/www.mairie-chailly-en-biere.fr\/index.php?rest_route=\/wp\/v2\/pages\/12132\/revisions\/19276"}],"up":[{"embeddable":true,"href":"https:\/\/www.mairie-chailly-en-biere.fr\/index.php?rest_route=\/wp\/v2\/pages\/12037"}],"wp:attachment":[{"href":"https:\/\/www.mairie-chailly-en-biere.fr\/index.php?rest_route=%2Fwp%2Fv2%2Fmedia&parent=12132"}],"curies":[{"name":"wp","href":"https:\/\/api.w.org\/{rel}","templated":true}]}}