{"id":12129,"date":"2019-05-23T12:29:20","date_gmt":"2019-05-23T12:29:20","guid":{"rendered":"https:\/\/www.mairie-chailly-en-biere.fr\/?page_id=12129"},"modified":"2024-03-22T14:54:25","modified_gmt":"2024-03-22T14:54:25","slug":"declarer-un-puits","status":"publish","type":"page","link":"https:\/\/www.mairie-chailly-en-biere.fr\/?page_id=12129","title":{"rendered":"D\u00e9clarer un puits"},"content":{"rendered":"<p style=\"text-align: justify;\"><strong>A partir du 1er f\u00e9vrier 2024<\/strong>, la proc\u00e9dure de d\u00e9claration est totalement revue. Le d\u00e9clarant, l\u2019entreprise de forage dans le cas d\u2019un nouvel ouvrage ou le propri\u00e9taire dans le cas d\u2019une r\u00e9gularisation, peut directement d\u00e9clarer son forage sur le site DUPLOS.<\/p>\n<p style=\"text-align: justify;\">Le site DUPLOS (<a href=\"https:\/\/duplos.developpement-durable.gouv.fr\/#\/\">https:\/\/duplos.developpement-durable.gouv.fr\/#\/<\/a> ) est un portail de t\u00e9l\u00e9d\u00e9claration des forages, qui int\u00e8gre la proc\u00e9dure de d\u00e9claration des forages domestiques sous la forme d\u2019un cerfa en ligne. Il est de la responsabilit\u00e9 de l\u2019entreprise de forage de r\u00e9aliser cette d\u00e9claration lorsqu\u2019elle est pr\u00e9alable aux travaux, sinon au propri\u00e9taire pour la r\u00e9gularisation de puits d\u00e9j\u00e0 existants.<\/p>\n<p style=\"text-align: justify;\">A l\u2019issue du processus de t\u00e9l\u00e9d\u00e9claration, <strong>le Cerfa n\u00b0 13837*02<\/strong> (<a href=\"https:\/\/www.service-public.fr\/particuliers\/vosdroits\/R20077\">https:\/\/www.service-public.fr\/particuliers\/vosdroits\/R20077<\/a> ) est rempli num\u00e9riquement gr\u00e2ce aux formulaires renseign\u00e9s, puis <strong>envoy\u00e9 par courriel simultan\u00e9ment<\/strong> aux diff\u00e9rentes parties prenantes que sont le <strong>propri\u00e9taire, la mairie et la DDT(M).<\/strong><\/p>\n","protected":false},"excerpt":{"rendered":"<p>A partir du 1er f\u00e9vrier 2024, la proc\u00e9dure de d\u00e9claration est totalement revue. Le d\u00e9clarant, l\u2019entreprise de forage dans le cas d\u2019un nouvel ouvrage ou le propri\u00e9taire dans le cas d\u2019une r\u00e9gularisation, peut directement d\u00e9clarer son forage sur le site DUPLOS. Le site DUPLOS (https:\/\/duplos.developpement-durable.gouv.fr\/#\/ ) est un portail de t\u00e9l\u00e9d\u00e9claration des forages, qui int\u00e8gre &hellip; <\/p>\n<p><a class=\"more-link btn\" href=\"https:\/\/www.mairie-chailly-en-biere.fr\/?page_id=12129\">Lire la suite<\/a><\/p>\n","protected":false},"author":2,"featured_media":0,"parent":12037,"menu_order":10,"comment_status":"closed","ping_status":"closed","template":"","meta":{"footnotes":""},"class_list":["post-12129","page","type-page","status-publish","hentry","nodate","item-wrap"],"_links":{"self":[{"href":"https:\/\/www.mairie-chailly-en-biere.fr\/index.php?rest_route=\/wp\/v2\/pages\/12129","targetHints":{"allow":["GET"]}}],"collection":[{"href":"https:\/\/www.mairie-chailly-en-biere.fr\/index.php?rest_route=\/wp\/v2\/pages"}],"about":[{"href":"https:\/\/www.mairie-chailly-en-biere.fr\/index.php?rest_route=\/wp\/v2\/types\/page"}],"author":[{"embeddable":true,"href":"https:\/\/www.mairie-chailly-en-biere.fr\/index.php?rest_route=\/wp\/v2\/users\/2"}],"replies":[{"embeddable":true,"href":"https:\/\/www.mairie-chailly-en-biere.fr\/index.php?rest_route=%2Fwp%2Fv2%2Fcomments&post=12129"}],"version-history":[{"count":6,"href":"https:\/\/www.mairie-chailly-en-biere.fr\/index.php?rest_route=\/wp\/v2\/pages\/12129\/revisions"}],"predecessor-version":[{"id":17523,"href":"https:\/\/www.mairie-chailly-en-biere.fr\/index.php?rest_route=\/wp\/v2\/pages\/12129\/revisions\/17523"}],"up":[{"embeddable":true,"href":"https:\/\/www.mairie-chailly-en-biere.fr\/index.php?rest_route=\/wp\/v2\/pages\/12037"}],"wp:attachment":[{"href":"https:\/\/www.mairie-chailly-en-biere.fr\/index.php?rest_route=%2Fwp%2Fv2%2Fmedia&parent=12129"}],"curies":[{"name":"wp","href":"https:\/\/api.w.org\/{rel}","templated":true}]}}