{"id":12037,"date":"2019-05-16T07:50:49","date_gmt":"2019-05-16T07:50:49","guid":{"rendered":"https:\/\/www.mairie-chailly-en-biere.fr\/?page_id=12037"},"modified":"2025-12-01T09:16:15","modified_gmt":"2025-12-01T09:16:15","slug":"__trashed","status":"publish","type":"page","link":"https:\/\/www.mairie-chailly-en-biere.fr\/?page_id=12037","title":{"rendered":"Urbanisme &#038; travaux"},"content":{"rendered":"<p style=\"text-align: justify;\"><img loading=\"lazy\" decoding=\"async\" class=\"aligncenter wp-image-12802 size-large\" src=\"https:\/\/www.mairie-chailly-en-biere.fr\/wp-content\/uploads\/CHAILLY-panoramique-700x301.jpg\" alt=\"\" width=\"555\" height=\"239\" srcset=\"https:\/\/www.mairie-chailly-en-biere.fr\/wp-content\/uploads\/CHAILLY-panoramique-700x301.jpg 700w, https:\/\/www.mairie-chailly-en-biere.fr\/wp-content\/uploads\/CHAILLY-panoramique-300x129.jpg 300w, https:\/\/www.mairie-chailly-en-biere.fr\/wp-content\/uploads\/CHAILLY-panoramique.jpg 800w\" sizes=\"auto, (max-width: 555px) 100vw, 555px\" \/>La commune de Chailly-en-Bi\u00e8re est situ\u00e9e dans la plaine de Bi\u00e8re \u00e0 la frange Nord-Ouest de Fontainebleau. Elle est situ\u00e9e :<\/p>\n<ul>\n<li style=\"text-align: justify;\">dans le p\u00e9rim\u00e8tre de protection des sites naturels inscrits sur l&rsquo;ensemble du territoire communal.<\/li>\n<li style=\"text-align: justify;\">dans le p\u00e9rim\u00e8tre de protection des monuments historiques (p\u00e9rim\u00e8tre de 500 m autour des monuments inscrits soit l&rsquo;\u00e9glise St Paul, inscrite \u00e0 l&rsquo;inventaire des M.H. (arr\u00eat\u00e9 du 18\/03\/1926), et l&rsquo;Auberge du Cheval Blanc inscrite \u00e0 l&rsquo;inventaire suppl\u00e9mentaire des M.H. (arr\u00eat\u00e9 du 21\/12\/1984)).<\/li>\n<\/ul>\n<ol>\n<li style=\"list-style-type: none;\">\n<ol>\n<li style=\"list-style-type: none;\">\n<ol>\n<li style=\"list-style-type: none;\">\n<ol>\n<li style=\"list-style-type: none;\">\n<ol style=\"list-style-type: upper-roman;\">\n<li>\n<h3><a href=\"https:\/\/www.mairie-chailly-en-biere.fr\/?page_id=12122\">Protection M.H. et site inscrit<\/a><\/h3>\n<\/li>\n<li>\n<h3><a href=\"https:\/\/www.mairie-chailly-en-biere.fr\/?page_id=12132\" target=\"_blank\" rel=\"noopener\">Autorisations d&rsquo;urbanisme<\/a><\/h3>\n<\/li>\n<li>\n<h3><a href=\"https:\/\/www.mairie-chailly-en-biere.fr\/?page_id=12103\">L&rsquo;eau et l&rsquo;assainissement<\/a><\/h3>\n<\/li>\n<li>\n<h3><a href=\"https:\/\/www.mairie-chailly-en-biere.fr\/?page_id=12153\">La taxe d&rsquo;am\u00e9nagement<\/a><\/h3>\n<\/li>\n<li>\n<h3><a href=\"https:\/\/www.mairie-chailly-en-biere.fr\/?page_id=12160\">Haies, arbres en mitoyennet\u00e9<\/a><\/h3>\n<\/li>\n<li>\n<h3><a href=\"https:\/\/www.mairie-chailly-en-biere.fr\/?page_id=12163\">Lutte contre le bruit<\/a><\/h3>\n<\/li>\n<li>\n<h3><a href=\"https:\/\/www.mairie-chailly-en-biere.fr\/?page_id=12111\">Le cadastre solaire<\/a><\/h3>\n<\/li>\n<li>\n<h3><a href=\"https:\/\/www.mairie-chailly-en-biere.fr\/?page_id=12129\">D\u00e9clarer un puits<\/a><\/h3>\n<\/li>\n<li>\n<h3><a href=\"https:\/\/www.mairie-chailly-en-biere.fr\/?page_id=12114\">Pr\u00eats habitats C.A.D.A.L. 77<\/a><\/h3>\n<\/li>\n<\/ol>\n<\/li>\n<\/ol>\n<\/li>\n<\/ol>\n<\/li>\n<\/ol>\n<\/li>\n<\/ol>\n<p>&nbsp;<\/p>\n<p>&nbsp;<\/p>\n<p>&nbsp;<\/p>\n","protected":false},"excerpt":{"rendered":"<p>La commune de Chailly-en-Bi\u00e8re est situ\u00e9e dans la plaine de Bi\u00e8re \u00e0 la frange Nord-Ouest de Fontainebleau. Elle est situ\u00e9e : dans le p\u00e9rim\u00e8tre de protection des sites naturels inscrits sur l&rsquo;ensemble du territoire communal. dans le p\u00e9rim\u00e8tre de protection des monuments historiques (p\u00e9rim\u00e8tre de 500 m autour des monuments inscrits soit l&rsquo;\u00e9glise St Paul, &hellip; <\/p>\n<p><a class=\"more-link btn\" href=\"https:\/\/www.mairie-chailly-en-biere.fr\/?page_id=12037\">Lire la suite<\/a><\/p>\n","protected":false},"author":2,"featured_media":0,"parent":0,"menu_order":5,"comment_status":"closed","ping_status":"closed","template":"","meta":{"footnotes":""},"class_list":["post-12037","page","type-page","status-publish","hentry","nodate","item-wrap"],"_links":{"self":[{"href":"https:\/\/www.mairie-chailly-en-biere.fr\/index.php?rest_route=\/wp\/v2\/pages\/12037","targetHints":{"allow":["GET"]}}],"collection":[{"href":"https:\/\/www.mairie-chailly-en-biere.fr\/index.php?rest_route=\/wp\/v2\/pages"}],"about":[{"href":"https:\/\/www.mairie-chailly-en-biere.fr\/index.php?rest_route=\/wp\/v2\/types\/page"}],"author":[{"embeddable":true,"href":"https:\/\/www.mairie-chailly-en-biere.fr\/index.php?rest_route=\/wp\/v2\/users\/2"}],"replies":[{"embeddable":true,"href":"https:\/\/www.mairie-chailly-en-biere.fr\/index.php?rest_route=%2Fwp%2Fv2%2Fcomments&post=12037"}],"version-history":[{"count":25,"href":"https:\/\/www.mairie-chailly-en-biere.fr\/index.php?rest_route=\/wp\/v2\/pages\/12037\/revisions"}],"predecessor-version":[{"id":19273,"href":"https:\/\/www.mairie-chailly-en-biere.fr\/index.php?rest_route=\/wp\/v2\/pages\/12037\/revisions\/19273"}],"wp:attachment":[{"href":"https:\/\/www.mairie-chailly-en-biere.fr\/index.php?rest_route=%2Fwp%2Fv2%2Fmedia&parent=12037"}],"curies":[{"name":"wp","href":"https:\/\/api.w.org\/{rel}","templated":true}]}}